{"id":2798,"date":"2010-05-10T18:01:30","date_gmt":"2010-05-10T16:01:30","guid":{"rendered":"https:\/\/www.ucly.fr\/?page_id=2798"},"modified":"2019-11-21T09:32:39","modified_gmt":"2019-11-21T08:32:39","slug":"theophilyon-tome-15-volume-1","status":"publish","type":"page","link":"https:\/\/www.ucly.fr\/en\/theophilyon-tome-15-volume-1\/","title":{"rendered":"XV-1 - La liturgie : le passage et l'attente (2010)"},"content":{"rendered":"<h2 class=\"wp-block-heading\"> Summaries  <\/h2><p><strong>Louis-Marie Chauvet - Eschatological dimension of the Christian Mystery <\/strong><\/p><p>The proposed study takes liturgy as a mystery, a term of which the semantic field is close to that of eschatology. More precisely, it shows the liturgical mystery in the light of what is quoted here as the escha  function. Construed and experienced under the sign of the latter, liturgy is affected in both its form and its theological and spiritual content. Here, the memory category finds a central position, in both its future and past dimension. It even becomes a master category for liturgy as a whole. The eschatological today of the latter should unfold, from the pastoral point of view, towards both another way of understanding the call for Sunday meeting and also towards an ethical direction where urgency and patience are united.<br><br><\/p><p><strong>Philippe Rouillard - Present status of the liturgical reform 50 years after Vatican II <\/strong><\/p><p>The article shows what the liturgy situation is, in France particularly, 50 years after the reform as it was wanted and built up by Vatican II. Progress is appreciable, with the use of modern language for the whole of the celebration, a richer liturgy of the Word thought not always received, new Eucharistic prayers, a broad access to communion and possibility of concelebrating mass. Creation of a baptism  ritual dedicated to children and resumption of adult baptism during Easter night are appreciated. Wedding and burial rituals have been improved, but moral evolution, with the use of pacs\u00a0 - Civil Solidarity Covenant - and cremation, raises questions that Vatican II could not think of. After rite amendments, liturgical reform is today facing, on the one hand the decrease in the number of priests, and on the other hand, requests of a theological order such as the celebration of God as Creator of the universe, or God as Saviour of man as a sinner.<br><br><\/p><p><strong>Christophe Boureux - Liturgy as a way to inhabit space and time <\/strong><\/p><p>Christian liturgical practice, as it was developed and theorized in Catholicism, is a true avowal of faith as it shapes existence in the fundamental dimensions that are space and time. After having brought to light the anthropology of residing in a building as a way to structuring and gathering people, the purpose is to show how ecclesiastical liturgical experience manages its relation to space, in a dynamic and functional way with the aim of communion. Liturgical time submits cyclical and linear time to a history which refers the Faithful to the  Kairotical - opportune - time of the responsibility of his existence when facing God.<br><br><\/p><p><strong>J\u00e9r\u00f4me de Gramont - An experience of the fourth type: Liturgy  <\/strong><\/p><p>We are in the world, and it is apt to say that any human experience, including the liturgical one must be contained within the logic of us being in the world. The Heidegerian philosophy offers here precious analysis from three experiences that are the tool, the work of art, and the thing. But, liturgy as a meeting between Man and God does not only subscribe to this initial logic, as, in one way it subverts it. At least thus is the forceful thesis upheld by Jean Yves Lacoste. This thesis will have to be put to the test by confronting liturgy experience with the three objects previously described. One of the lessons that must be drawn is that man does not only live among things but also amid signs. And the word that will have to be pronounced to explain towards what liturgy points is that of salvation.<br><br><\/p><p><strong>Mariette Can\u00e9vet - Saint Augustin : le christianisme et les cultures<\/strong><\/p><p><strong>Marie-Louise Gondal - Une m\u00e9moire au travail - L'association Henri Bourgeois<\/strong><\/p><p><strong>Isabelle Chareire - Note sur le paradoxe chr\u00e9tien du rapport au temps<\/strong><\/p><p><strong>Isabelle Renaud-Chamska - Le cadre architectural de la liturgie<\/strong><\/p><p><strong>Jean-Fran\u00e7ois Chiron - D'une conversion \u00e0 l'autre ? Th\u00e9r\u00e8se de Lisieux entre No\u00ebl et P\u00e2ques<\/strong><br><br><\/p>","protected":false},"excerpt":{"rendered":"<p>Summaries Louis-Marie Chauvet &#8211; Eschatological dimension of the Christian Mystery The proposed study takes liturgy as a mystery, a term of which the semantic [&hellip;]<\/p>\n","protected":false},"author":22,"featured_media":4852,"parent":0,"menu_order":51,"comment_status":"closed","ping_status":"closed","template":"","meta":{"_acf_changed":false,"footnotes":""},"class_list":["post-2798","page","type-page","status-publish","has-post-thumbnail","hentry"],"acf":[],"yoast_head":"<!-- This site is optimized with the Yoast SEO plugin v24.1 - https:\/\/yoast.com\/wordpress\/plugins\/seo\/ -->\n<title>Presentation of the Theophilyon magazine - Tome 15 Volume 1 - UCLy<\/title>\n<meta name=\"description\" content=\"D\u00e9couvrez la pr\u00e9sentation du premier volume du 15\u00e8me tome de Th\u00e9ophilyon, revue des Facult\u00e9s de Th\u00e9ologie et de Philosophie de l&#039;UCLy.\" \/>\n<meta name=\"robots\" content=\"index, follow, max-snippet:-1, max-image-preview:large, max-video-preview:-1\" \/>\n<link rel=\"canonical\" href=\"https:\/\/www.ucly.fr\/en\/theophilyon-tome-15-volume-1\/\" \/>\n<meta property=\"og:locale\" content=\"en_US\" \/>\n<meta property=\"og:type\" content=\"article\" \/>\n<meta property=\"og:title\" content=\"Presentation of the Theophilyon magazine - Tome 15 Volume 1 - UCLy\" \/>\n<meta property=\"og:description\" content=\"D\u00e9couvrez la pr\u00e9sentation du premier volume du 15\u00e8me tome de Th\u00e9ophilyon, revue des Facult\u00e9s de Th\u00e9ologie et de Philosophie de l&#039;UCLy.\" \/>\n<meta property=\"og:url\" content=\"https:\/\/www.ucly.fr\/en\/theophilyon-tome-15-volume-1\/\" \/>\n<meta property=\"og:site_name\" content=\"UCLy\" \/>\n<meta property=\"article:modified_time\" content=\"2019-11-21T08:32:39+00:00\" \/>\n<meta property=\"og:image\" content=\"https:\/\/www.ucly.fr\/wp-content\/uploads\/2019\/11\/header-vue-drone-saint-paul.jpg\" \/>\n\t<meta property=\"og:image:width\" content=\"1920\" \/>\n\t<meta property=\"og:image:height\" content=\"575\" \/>\n\t<meta property=\"og:image:type\" content=\"image\/jpeg\" \/>\n<meta name=\"twitter:card\" content=\"summary_large_image\" \/>\n<meta name=\"twitter:label1\" content=\"Est. reading time\" \/>\n\t<meta name=\"twitter:data1\" content=\"3 minutes\" \/>\n<script type=\"application\/ld+json\" class=\"yoast-schema-graph\">{\"@context\":\"https:\/\/schema.org\",\"@graph\":[{\"@type\":\"WebPage\",\"@id\":\"https:\/\/www.ucly.fr\/en\/theophilyon-tome-15-volume-1\/\",\"url\":\"https:\/\/www.ucly.fr\/en\/theophilyon-tome-15-volume-1\/\",\"name\":\"Presentation of the Theophilyon magazine - Tome 15 Volume 1 - UCLy\",\"isPartOf\":{\"@id\":\"https:\/\/www.ucly.fr\/en\/#website\"},\"primaryImageOfPage\":{\"@id\":\"https:\/\/www.ucly.fr\/en\/theophilyon-tome-15-volume-1\/#primaryimage\"},\"image\":{\"@id\":\"https:\/\/www.ucly.fr\/en\/theophilyon-tome-15-volume-1\/#primaryimage\"},\"thumbnailUrl\":\"https:\/\/www.ucly.fr\/wp-content\/uploads\/2019\/11\/header-vue-drone-saint-paul.jpg\",\"datePublished\":\"2010-05-10T16:01:30+00:00\",\"dateModified\":\"2019-11-21T08:32:39+00:00\",\"description\":\"D\u00e9couvrez la pr\u00e9sentation du premier volume du 15\u00e8me tome de Th\u00e9ophilyon, revue des Facult\u00e9s de Th\u00e9ologie et de Philosophie de l'UCLy.\",\"breadcrumb\":{\"@id\":\"https:\/\/www.ucly.fr\/en\/theophilyon-tome-15-volume-1\/#breadcrumb\"},\"inLanguage\":\"en-US\",\"potentialAction\":[{\"@type\":\"ReadAction\",\"target\":[\"https:\/\/www.ucly.fr\/en\/theophilyon-tome-15-volume-1\/\"]}]},{\"@type\":\"ImageObject\",\"inLanguage\":\"en-US\",\"@id\":\"https:\/\/www.ucly.fr\/en\/theophilyon-tome-15-volume-1\/#primaryimage\",\"url\":\"https:\/\/www.ucly.fr\/wp-content\/uploads\/2019\/11\/header-vue-drone-saint-paul.jpg\",\"contentUrl\":\"https:\/\/www.ucly.fr\/wp-content\/uploads\/2019\/11\/header-vue-drone-saint-paul.jpg\",\"width\":1920,\"height\":575,\"caption\":\"header-vue-drone-saint-paul\"},{\"@type\":\"BreadcrumbList\",\"@id\":\"https:\/\/www.ucly.fr\/en\/theophilyon-tome-15-volume-1\/#breadcrumb\",\"itemListElement\":[{\"@type\":\"ListItem\",\"position\":1,\"name\":\"Accueil\",\"item\":\"https:\/\/www.ucly.fr\/en\/\"},{\"@type\":\"ListItem\",\"position\":2,\"name\":\"XV-1 - La liturgie : le passage et l'attente (2010)\"}]},{\"@type\":\"WebSite\",\"@id\":\"https:\/\/www.ucly.fr\/en\/#website\",\"url\":\"https:\/\/www.ucly.fr\/en\/\",\"name\":\"UCLy\",\"description\":\"Un site utilisant WordPress\",\"publisher\":{\"@id\":\"https:\/\/www.ucly.fr\/en\/#organization\"},\"potentialAction\":[{\"@type\":\"SearchAction\",\"target\":{\"@type\":\"EntryPoint\",\"urlTemplate\":\"https:\/\/www.ucly.fr\/en\/?s={search_term_string}\"},\"query-input\":{\"@type\":\"PropertyValueSpecification\",\"valueRequired\":true,\"valueName\":\"search_term_string\"}}],\"inLanguage\":\"en-US\"},{\"@type\":\"Organization\",\"@id\":\"https:\/\/www.ucly.fr\/en\/#organization\",\"name\":\"UCLy\",\"url\":\"https:\/\/www.ucly.fr\/en\/\",\"logo\":{\"@type\":\"ImageObject\",\"inLanguage\":\"en-US\",\"@id\":\"https:\/\/www.ucly.fr\/en\/#\/schema\/logo\/image\/\",\"url\":\"https:\/\/www.ucly.fr\/wp-content\/uploads\/2025\/06\/logo-150ans-blanc.svg\",\"contentUrl\":\"https:\/\/www.ucly.fr\/wp-content\/uploads\/2025\/06\/logo-150ans-blanc.svg\",\"caption\":\"UCLy\"},\"image\":{\"@id\":\"https:\/\/www.ucly.fr\/en\/#\/schema\/logo\/image\/\"}}]}<\/script>\n<!-- \/ Yoast SEO plugin. -->","yoast_head_json":{"title":"Presentation of the Theophilyon magazine - Tome 15 Volume 1 - UCLy","description":"D\u00e9couvrez la pr\u00e9sentation du premier volume du 15\u00e8me tome de Th\u00e9ophilyon, revue des Facult\u00e9s de Th\u00e9ologie et de Philosophie de l'UCLy.","robots":{"index":"index","follow":"follow","max-snippet":"max-snippet:-1","max-image-preview":"max-image-preview:large","max-video-preview":"max-video-preview:-1"},"canonical":"https:\/\/www.ucly.fr\/en\/theophilyon-tome-15-volume-1\/","og_locale":"en_US","og_type":"article","og_title":"Presentation of the Theophilyon magazine - Tome 15 Volume 1 - UCLy","og_description":"D\u00e9couvrez la pr\u00e9sentation du premier volume du 15\u00e8me tome de Th\u00e9ophilyon, revue des Facult\u00e9s de Th\u00e9ologie et de Philosophie de l'UCLy.","og_url":"https:\/\/www.ucly.fr\/en\/theophilyon-tome-15-volume-1\/","og_site_name":"UCLy","article_modified_time":"2019-11-21T08:32:39+00:00","og_image":[{"width":1920,"height":575,"url":"https:\/\/www.ucly.fr\/wp-content\/uploads\/2019\/11\/header-vue-drone-saint-paul.jpg","type":"image\/jpeg"}],"twitter_card":"summary_large_image","twitter_misc":{"Est. reading time":"3 minutes"},"schema":{"@context":"https:\/\/schema.org","@graph":[{"@type":"WebPage","@id":"https:\/\/www.ucly.fr\/en\/theophilyon-tome-15-volume-1\/","url":"https:\/\/www.ucly.fr\/en\/theophilyon-tome-15-volume-1\/","name":"Presentation of the Theophilyon magazine - Tome 15 Volume 1 - UCLy","isPartOf":{"@id":"https:\/\/www.ucly.fr\/en\/#website"},"primaryImageOfPage":{"@id":"https:\/\/www.ucly.fr\/en\/theophilyon-tome-15-volume-1\/#primaryimage"},"image":{"@id":"https:\/\/www.ucly.fr\/en\/theophilyon-tome-15-volume-1\/#primaryimage"},"thumbnailUrl":"https:\/\/www.ucly.fr\/wp-content\/uploads\/2019\/11\/header-vue-drone-saint-paul.jpg","datePublished":"2010-05-10T16:01:30+00:00","dateModified":"2019-11-21T08:32:39+00:00","description":"D\u00e9couvrez la pr\u00e9sentation du premier volume du 15\u00e8me tome de Th\u00e9ophilyon, revue des Facult\u00e9s de Th\u00e9ologie et de Philosophie de l'UCLy.","breadcrumb":{"@id":"https:\/\/www.ucly.fr\/en\/theophilyon-tome-15-volume-1\/#breadcrumb"},"inLanguage":"en-US","potentialAction":[{"@type":"ReadAction","target":["https:\/\/www.ucly.fr\/en\/theophilyon-tome-15-volume-1\/"]}]},{"@type":"ImageObject","inLanguage":"en-US","@id":"https:\/\/www.ucly.fr\/en\/theophilyon-tome-15-volume-1\/#primaryimage","url":"https:\/\/www.ucly.fr\/wp-content\/uploads\/2019\/11\/header-vue-drone-saint-paul.jpg","contentUrl":"https:\/\/www.ucly.fr\/wp-content\/uploads\/2019\/11\/header-vue-drone-saint-paul.jpg","width":1920,"height":575,"caption":"header-vue-drone-saint-paul"},{"@type":"BreadcrumbList","@id":"https:\/\/www.ucly.fr\/en\/theophilyon-tome-15-volume-1\/#breadcrumb","itemListElement":[{"@type":"ListItem","position":1,"name":"Accueil","item":"https:\/\/www.ucly.fr\/en\/"},{"@type":"ListItem","position":2,"name":"XV-1 - La liturgie : le passage et l'attente (2010)"}]},{"@type":"WebSite","@id":"https:\/\/www.ucly.fr\/en\/#website","url":"https:\/\/www.ucly.fr\/en\/","name":"UCLy","description":"Un site utilisant WordPress","publisher":{"@id":"https:\/\/www.ucly.fr\/en\/#organization"},"potentialAction":[{"@type":"SearchAction","target":{"@type":"EntryPoint","urlTemplate":"https:\/\/www.ucly.fr\/en\/?s={search_term_string}"},"query-input":{"@type":"PropertyValueSpecification","valueRequired":true,"valueName":"search_term_string"}}],"inLanguage":"en-US"},{"@type":"Organization","@id":"https:\/\/www.ucly.fr\/en\/#organization","name":"UCLy","url":"https:\/\/www.ucly.fr\/en\/","logo":{"@type":"ImageObject","inLanguage":"en-US","@id":"https:\/\/www.ucly.fr\/en\/#\/schema\/logo\/image\/","url":"https:\/\/www.ucly.fr\/wp-content\/uploads\/2025\/06\/logo-150ans-blanc.svg","contentUrl":"https:\/\/www.ucly.fr\/wp-content\/uploads\/2025\/06\/logo-150ans-blanc.svg","caption":"UCLy"},"image":{"@id":"https:\/\/www.ucly.fr\/en\/#\/schema\/logo\/image\/"}}]}},"_links":{"self":[{"href":"https:\/\/www.ucly.fr\/en\/wp-json\/wp\/v2\/pages\/2798","targetHints":{"allow":["GET"]}}],"collection":[{"href":"https:\/\/www.ucly.fr\/en\/wp-json\/wp\/v2\/pages"}],"about":[{"href":"https:\/\/www.ucly.fr\/en\/wp-json\/wp\/v2\/types\/page"}],"author":[{"embeddable":true,"href":"https:\/\/www.ucly.fr\/en\/wp-json\/wp\/v2\/users\/22"}],"replies":[{"embeddable":true,"href":"https:\/\/www.ucly.fr\/en\/wp-json\/wp\/v2\/comments?post=2798"}],"version-history":[{"count":2,"href":"https:\/\/www.ucly.fr\/en\/wp-json\/wp\/v2\/pages\/2798\/revisions"}],"predecessor-version":[{"id":2802,"href":"https:\/\/www.ucly.fr\/en\/wp-json\/wp\/v2\/pages\/2798\/revisions\/2802"}],"wp:featuredmedia":[{"embeddable":true,"href":"https:\/\/www.ucly.fr\/en\/wp-json\/wp\/v2\/media\/4852"}],"wp:attachment":[{"href":"https:\/\/www.ucly.fr\/en\/wp-json\/wp\/v2\/media?parent=2798"}],"curies":[{"name":"wp","href":"https:\/\/api.w.org\/{rel}","templated":true}]}}

<h2 class="wp-block-heading"> Summaries  </h2><p><strong>Louis-Marie Chauvet - Eschatological dimension of the Christian Mystery </strong></p><p>The proposed study takes liturgy as a mystery, a term of which the semantic field is close to that of eschatology. More precisely, it shows the liturgical mystery in the light of what is quoted here as the escha  function. Construed and experienced under the sign of the latter, liturgy is affected in both its form and its theological and spiritual content. Here, the memory category finds a central position, in both its future and past dimension. It even becomes a master category for liturgy as a whole. The eschatological today of the latter should unfold, from the pastoral point of view, towards both another way of understanding the call for Sunday meeting and also towards an ethical direction where urgency and patience are united.<br><br></p><p><strong>Philippe Rouillard - Present status of the liturgical reform 50 years after Vatican II </strong></p><p>The article shows what the liturgy situation is, in France particularly, 50 years after the reform as it was wanted and built up by Vatican II. Progress is appreciable, with the use of modern language for the whole of the celebration, a richer liturgy of the Word thought not always received, new Eucharistic prayers, a broad access to communion and possibility of concelebrating mass. Creation of a baptism  ritual dedicated to children and resumption of adult baptism during Easter night are appreciated. Wedding and burial rituals have been improved, but moral evolution, with the use of pacs  - Civil Solidarity Covenant - and cremation, raises questions that Vatican II could not think of. After rite amendments, liturgical reform is today facing, on the one hand the decrease in the number of priests, and on the other hand, requests of a theological order such as the celebration of God as Creator of the universe, or God as Saviour of man as a sinner.<br><br></p><p><strong>Christophe Boureux - Liturgy as a way to inhabit space and time </strong></p><p>Christian liturgical practice, as it was developed and theorized in Catholicism, is a true avowal of faith as it shapes existence in the fundamental dimensions that are space and time. After having brought to light the anthropology of residing in a building as a way to structuring and gathering people, the purpose is to show how ecclesiastical liturgical experience manages its relation to space, in a dynamic and functional way with the aim of communion. Liturgical time submits cyclical and linear time to a history which refers the Faithful to the  Kairotical - opportune - time of the responsibility of his existence when facing God.<br><br></p><p><strong>Jérôme de Gramont - An experience of the fourth type: Liturgy  </strong></p><p>We are in the world, and it is apt to say that any human experience, including the liturgical one must be contained within the logic of us being in the world. The Heidegerian philosophy offers here precious analysis from three experiences that are the tool, the work of art, and the thing. But, liturgy as a meeting between Man and God does not only subscribe to this initial logic, as, in one way it subverts it. At least thus is the forceful thesis upheld by Jean Yves Lacoste. This thesis will have to be put to the test by confronting liturgy experience with the three objects previously described. One of the lessons that must be drawn is that man does not only live among things but also amid signs. And the word that will have to be pronounced to explain towards what liturgy points is that of salvation.<br><br></p><p><strong>Mariette Canévet - Saint Augustin : le christianisme et les cultures</strong></p><p><strong>Marie-Louise Gondal - Une mémoire au travail - L'association Henri Bourgeois</strong></p><p><strong>Isabelle Chareire - Note sur le paradoxe chrétien du rapport au temps</strong></p><p><strong>Isabelle Renaud-Chamska - Le cadre architectural de la liturgie</strong></p><p><strong>Jean-François Chiron - D'une conversion à l'autre ? Thérèse de Lisieux entre Noël et Pâques</strong><br><br></p>

<!-- This site is optimized with the Yoast SEO plugin v24.1 - https://yoast.com/wordpress/plugins/seo/ -->
<title>Presentation of the Theophilyon magazine - Tome 15 Volume 1 - UCLy</title>
<meta name="description" content="Découvrez la présentation du premier volume du 15ème tome de Théophilyon, revue des Facultés de Théologie et de Philosophie de l&#039;UCLy." />
<meta name="robots" content="index, follow, max-snippet:-1, max-image-preview:large, max-video-preview:-1" />
<link rel="canonical" href="https://www.ucly.fr/en/theophilyon-tome-15-volume-1/" />
<meta property="og:locale" content="en_US" />
<meta property="og:type" content="article" />
<meta property="og:title" content="Presentation of the Theophilyon magazine - Tome 15 Volume 1 - UCLy" />
<meta property="og:description" content="Découvrez la présentation du premier volume du 15ème tome de Théophilyon, revue des Facultés de Théologie et de Philosophie de l&#039;UCLy." />
<meta property="og:url" content="https://www.ucly.fr/en/theophilyon-tome-15-volume-1/" />
<meta property="og:site_name" content="UCLy" />
<meta property="article:modified_time" content="2019-11-21T08:32:39+00:00" />
<meta property="og:image" content="https://www.ucly.fr/wp-content/uploads/2019/11/header-vue-drone-saint-paul.jpg" />
	<meta property="og:image:width" content="1920" />
	<meta property="og:image:height" content="575" />
	<meta property="og:image:type" content="image/jpeg" />
<meta name="twitter:card" content="summary_large_image" />
<meta name="twitter:label1" content="Est. reading time" />
	<meta name="twitter:data1" content="3 minutes" />
<script type="application/ld+json" class="yoast-schema-graph">{"@context":"https://schema.org","@graph":[{"@type":"WebPage","@id":"https://www.ucly.fr/en/theophilyon-tome-15-volume-1/","url":"https://www.ucly.fr/en/theophilyon-tome-15-volume-1/","name":"Presentation of the Theophilyon magazine - Tome 15 Volume 1 - UCLy","isPartOf":{"@id":"https://www.ucly.fr/en/#website"},"primaryImageOfPage":{"@id":"https://www.ucly.fr/en/theophilyon-tome-15-volume-1/#primaryimage"},"image":{"@id":"https://www.ucly.fr/en/theophilyon-tome-15-volume-1/#primaryimage"},"thumbnailUrl":"https://www.ucly.fr/wp-content/uploads/2019/11/header-vue-drone-saint-paul.jpg","datePublished":"2010-05-10T16:01:30+00:00","dateModified":"2019-11-21T08:32:39+00:00","description":"Découvrez la présentation du premier volume du 15ème tome de Théophilyon, revue des Facultés de Théologie et de Philosophie de l'UCLy.","breadcrumb":{"@id":"https://www.ucly.fr/en/theophilyon-tome-15-volume-1/#breadcrumb"},"inLanguage":"en-US","potentialAction":[{"@type":"ReadAction","target":["https://www.ucly.fr/en/theophilyon-tome-15-volume-1/"]}]},{"@type":"ImageObject","inLanguage":"en-US","@id":"https://www.ucly.fr/en/theophilyon-tome-15-volume-1/#primaryimage","url":"https://www.ucly.fr/wp-content/uploads/2019/11/header-vue-drone-saint-paul.jpg","contentUrl":"https://www.ucly.fr/wp-content/uploads/2019/11/header-vue-drone-saint-paul.jpg","width":1920,"height":575,"caption":"header-vue-drone-saint-paul"},{"@type":"BreadcrumbList","@id":"https://www.ucly.fr/en/theophilyon-tome-15-volume-1/#breadcrumb","itemListElement":[{"@type":"ListItem","position":1,"name":"Accueil","item":"https://www.ucly.fr/en/"},{"@type":"ListItem","position":2,"name":"XV-1 - La liturgie : le passage et l'attente (2010)"}]},{"@type":"WebSite","@id":"https://www.ucly.fr/en/#website","url":"https://www.ucly.fr/en/","name":"UCLy","description":"Un site utilisant WordPress","publisher":{"@id":"https://www.ucly.fr/en/#organization"},"potentialAction":[{"@type":"SearchAction","target":{"@type":"EntryPoint","urlTemplate":"https://www.ucly.fr/en/?s={search_term_string}"},"query-input":{"@type":"PropertyValueSpecification","valueRequired":true,"valueName":"search_term_string"}}],"inLanguage":"en-US"},{"@type":"Organization","@id":"https://www.ucly.fr/en/#organization","name":"UCLy","url":"https://www.ucly.fr/en/","logo":{"@type":"ImageObject","inLanguage":"en-US","@id":"https://www.ucly.fr/en/#/schema/logo/image/","url":"https://www.ucly.fr/wp-content/uploads/2025/06/logo-150ans-blanc.svg","contentUrl":"https://www.ucly.fr/wp-content/uploads/2025/06/logo-150ans-blanc.svg","caption":"UCLy"},"image":{"@id":"https://www.ucly.fr/en/#/schema/logo/image/"}}]}</script>
<!-- / Yoast SEO plugin. -->

Découvrez la présentation du premier volume du 15ème tome de Théophilyon, revue des Facultés de Théologie et de Philosophie de l'UCLy.
