{"id":2701,"date":"2013-01-31T16:26:30","date_gmt":"2013-01-31T15:26:30","guid":{"rendered":"https:\/\/www.ucly.fr\/?page_id=2701"},"modified":"2019-11-21T09:32:50","modified_gmt":"2019-11-21T08:32:50","slug":"theophilyon-tome-17-volume-2","status":"publish","type":"page","link":"https:\/\/www.ucly.fr\/en\/theophilyon-tome-17-volume-2\/","title":{"rendered":"XVII-2 - Au nom de la v\u00e9rit\u00e9 (2012)"},"content":{"rendered":"<h2 class=\"wp-block-heading\">Summaries<\/h2><p><strong>Pierre Gibert - Autobiography and truth: a literary illusion? <\/strong><\/p><p>Memories, intimate diaries, confessions.... Is not each one of us best fit to truly be able to speak of himself or his own life? And France which  makes of the autobiographic order, in all its forms, the most honoured of all literary orders, even created in Amberieux a genuine conservatory of autobiographical archives. Thus any Frenchman can hand his own production in. However, among the great masterpieces that make up the  literature of a language, the autobiographical order is that which supplies the smallest quantity, in France as elsewhere. Threatened by triteness and insignificance, the boredom it generates most often confirms its literary mediocrity. Notwithstanding that, history and historians savour to the utmost this literature borrowed not as much from the dull authors but rather from the unconscious witnesses that, they sometimes may be. Is not the game lost beforehand? This is unless reasons other than oneself, other literary virtues, somewhere between humour and wrath, demand here an urgency which is ultimately justified. <br><br><\/p><p><strong>Jean-Pierre Pierron - Bearing witness or the reality of the truth <\/strong><\/p><p>In present times, when scientific proof and the strength of what is demonstrable are prevailing, it may be surprising to associate testimony to truth. Still, it is precisely because it lacks proof and that it calls less on knowledge than on confidence that testimony calls upon our attention. What proof brings to truth is born by testimony. It is less in the sphere of knowledge as is proof, than it is in that of acknowledgement. Testimony is a test of truth. In its witness, testimony  brings about a fact so that it testifies in it a truth that goes beyond  its existence. Thus, today's valorisation of testimony - from genocide survivors to evidence from the sick - stands out revealing a mode of truth, declining dogmatism and relativism belonging to our time. Testimony would be the reality of truth in its witness that is the position upheld in this article. In other words, it would be a  privileged but fragile mediation to present truth without being able to demonstrate it. It is a way not to forego the universal that is present in the idea of truth, without for all that, giving in on the historic singularity of existence and situations. <br><br><\/p><p><strong>Fran\u00e7ois Durand - Bearing witness to the truth <\/strong><\/p><p>Understood in its theological meaning, truth is of a relational and factual order. It goes beyond the  adequacy of a language to a targeted reality. It may not be reduced to the form of an external knowledge, easy to systemise in a logical sequence of concepts. Those who seek it must wholly commit themselves in the quest. They reach this purpose by assuming the condition of witnesses. Testimony does not pretend to capture truth, but to be in a place where it durably bears testimony in history, in a place where the unutterable is expressed. It is proffered in a fragile account to which divine reality joins the field of experience and offers itself to be met. In Christian theology, the loved and hoped for raw truth is a living personality, i.e. Jesus Christ. In his book Dogmatic Karl Barth states that Christ is the only true Witness of the Revelation. Indeed Christ is living in his Church and is keeping on talking and acting through his witnesses. Christian testimony is steeped in faith and humility. Borne by the Spirit of truth, it offers to the Word of God the possibility of coming to the world and being received there. His truth into which the witnesses are personally involved is valid in a universal way. <br><br><\/p><p><strong>Pierre Gire - Testimony and truth. Epistemological perspective  <\/strong><\/p><p>Testimony and truth in their rendering refer to different levels of reality and intelligibility. These levels may not be mingled unless their manifestation should be corrupted. The implication of human presence in mediating the affirmation of truth demands a clarification of testimony types that summon the dynamism of human life in a specific way. This results in the fact that the intertwining of testimony and truth appears as a relation which is biased by an infinite complexity. This shows that truth in its demand for expression may not be separated from testimony in its historical contingency. <\/p>","protected":false},"excerpt":{"rendered":"<p>SummariesPierre Gibert &#8211; Autobiography and truth: a literary illusion? Memories, intimate diaries, confessions&#8230;. Is not each one of us best fit to truly be [&hellip;]<\/p>\n","protected":false},"author":22,"featured_media":4852,"parent":0,"menu_order":56,"comment_status":"closed","ping_status":"closed","template":"","meta":{"_acf_changed":false,"footnotes":""},"class_list":["post-2701","page","type-page","status-publish","has-post-thumbnail","hentry"],"acf":[],"yoast_head":"<!-- This site is optimized with the Yoast SEO plugin v24.1 - https:\/\/yoast.com\/wordpress\/plugins\/seo\/ -->\n<title>Presentation of the Theophilyon magazine - Tome 17 Volume 2 - UCLy<\/title>\n<meta name=\"description\" content=\"D\u00e9couvrez la pr\u00e9sentation en anglais du second volume du 17\u00e8me tome de Th\u00e9ophilyon, revue des Facult\u00e9s de Th\u00e9ologie et de Philosophie de l&#039;UCLy.\" \/>\n<meta name=\"robots\" content=\"index, follow, max-snippet:-1, max-image-preview:large, max-video-preview:-1\" \/>\n<link rel=\"canonical\" href=\"https:\/\/www.ucly.fr\/en\/theophilyon-tome-17-volume-2\/\" \/>\n<meta property=\"og:locale\" content=\"en_US\" \/>\n<meta property=\"og:type\" content=\"article\" \/>\n<meta property=\"og:title\" content=\"Presentation of the Theophilyon magazine - Tome 17 Volume 2 - UCLy\" \/>\n<meta property=\"og:description\" content=\"D\u00e9couvrez la pr\u00e9sentation en anglais du second volume du 17\u00e8me tome de Th\u00e9ophilyon, revue des Facult\u00e9s de Th\u00e9ologie et de Philosophie de l&#039;UCLy.\" \/>\n<meta property=\"og:url\" content=\"https:\/\/www.ucly.fr\/en\/theophilyon-tome-17-volume-2\/\" \/>\n<meta property=\"og:site_name\" content=\"UCLy\" \/>\n<meta property=\"article:modified_time\" content=\"2019-11-21T08:32:50+00:00\" \/>\n<meta property=\"og:image\" content=\"https:\/\/www.ucly.fr\/wp-content\/uploads\/2019\/11\/header-vue-drone-saint-paul.jpg\" \/>\n\t<meta property=\"og:image:width\" content=\"1920\" \/>\n\t<meta property=\"og:image:height\" content=\"575\" \/>\n\t<meta property=\"og:image:type\" content=\"image\/jpeg\" \/>\n<meta name=\"twitter:card\" content=\"summary_large_image\" \/>\n<meta name=\"twitter:label1\" content=\"Est. reading time\" \/>\n\t<meta name=\"twitter:data1\" content=\"4 minutes\" \/>\n<script type=\"application\/ld+json\" class=\"yoast-schema-graph\">{\"@context\":\"https:\/\/schema.org\",\"@graph\":[{\"@type\":\"WebPage\",\"@id\":\"https:\/\/www.ucly.fr\/en\/theophilyon-tome-17-volume-2\/\",\"url\":\"https:\/\/www.ucly.fr\/en\/theophilyon-tome-17-volume-2\/\",\"name\":\"Presentation of the Theophilyon magazine - Tome 17 Volume 2 - UCLy\",\"isPartOf\":{\"@id\":\"https:\/\/www.ucly.fr\/en\/#website\"},\"primaryImageOfPage\":{\"@id\":\"https:\/\/www.ucly.fr\/en\/theophilyon-tome-17-volume-2\/#primaryimage\"},\"image\":{\"@id\":\"https:\/\/www.ucly.fr\/en\/theophilyon-tome-17-volume-2\/#primaryimage\"},\"thumbnailUrl\":\"https:\/\/www.ucly.fr\/wp-content\/uploads\/2019\/11\/header-vue-drone-saint-paul.jpg\",\"datePublished\":\"2013-01-31T15:26:30+00:00\",\"dateModified\":\"2019-11-21T08:32:50+00:00\",\"description\":\"D\u00e9couvrez la pr\u00e9sentation en anglais du second volume du 17\u00e8me tome de Th\u00e9ophilyon, revue des Facult\u00e9s de Th\u00e9ologie et de Philosophie de l'UCLy.\",\"breadcrumb\":{\"@id\":\"https:\/\/www.ucly.fr\/en\/theophilyon-tome-17-volume-2\/#breadcrumb\"},\"inLanguage\":\"en-US\",\"potentialAction\":[{\"@type\":\"ReadAction\",\"target\":[\"https:\/\/www.ucly.fr\/en\/theophilyon-tome-17-volume-2\/\"]}]},{\"@type\":\"ImageObject\",\"inLanguage\":\"en-US\",\"@id\":\"https:\/\/www.ucly.fr\/en\/theophilyon-tome-17-volume-2\/#primaryimage\",\"url\":\"https:\/\/www.ucly.fr\/wp-content\/uploads\/2019\/11\/header-vue-drone-saint-paul.jpg\",\"contentUrl\":\"https:\/\/www.ucly.fr\/wp-content\/uploads\/2019\/11\/header-vue-drone-saint-paul.jpg\",\"width\":1920,\"height\":575,\"caption\":\"header-vue-drone-saint-paul\"},{\"@type\":\"BreadcrumbList\",\"@id\":\"https:\/\/www.ucly.fr\/en\/theophilyon-tome-17-volume-2\/#breadcrumb\",\"itemListElement\":[{\"@type\":\"ListItem\",\"position\":1,\"name\":\"Accueil\",\"item\":\"https:\/\/www.ucly.fr\/en\/\"},{\"@type\":\"ListItem\",\"position\":2,\"name\":\"XVII-2 - Au nom de la v\u00e9rit\u00e9 (2012)\"}]},{\"@type\":\"WebSite\",\"@id\":\"https:\/\/www.ucly.fr\/en\/#website\",\"url\":\"https:\/\/www.ucly.fr\/en\/\",\"name\":\"UCLy\",\"description\":\"Un site utilisant WordPress\",\"publisher\":{\"@id\":\"https:\/\/www.ucly.fr\/en\/#organization\"},\"potentialAction\":[{\"@type\":\"SearchAction\",\"target\":{\"@type\":\"EntryPoint\",\"urlTemplate\":\"https:\/\/www.ucly.fr\/en\/?s={search_term_string}\"},\"query-input\":{\"@type\":\"PropertyValueSpecification\",\"valueRequired\":true,\"valueName\":\"search_term_string\"}}],\"inLanguage\":\"en-US\"},{\"@type\":\"Organization\",\"@id\":\"https:\/\/www.ucly.fr\/en\/#organization\",\"name\":\"UCLy\",\"url\":\"https:\/\/www.ucly.fr\/en\/\",\"logo\":{\"@type\":\"ImageObject\",\"inLanguage\":\"en-US\",\"@id\":\"https:\/\/www.ucly.fr\/en\/#\/schema\/logo\/image\/\",\"url\":\"https:\/\/www.ucly.fr\/wp-content\/uploads\/2025\/06\/logo-150ans-blanc.svg\",\"contentUrl\":\"https:\/\/www.ucly.fr\/wp-content\/uploads\/2025\/06\/logo-150ans-blanc.svg\",\"caption\":\"UCLy\"},\"image\":{\"@id\":\"https:\/\/www.ucly.fr\/en\/#\/schema\/logo\/image\/\"}}]}<\/script>\n<!-- \/ Yoast SEO plugin. -->","yoast_head_json":{"title":"Presentation of the Theophilyon magazine - Tome 17 Volume 2 - UCLy","description":"D\u00e9couvrez la pr\u00e9sentation en anglais du second volume du 17\u00e8me tome de Th\u00e9ophilyon, revue des Facult\u00e9s de Th\u00e9ologie et de Philosophie de l'UCLy.","robots":{"index":"index","follow":"follow","max-snippet":"max-snippet:-1","max-image-preview":"max-image-preview:large","max-video-preview":"max-video-preview:-1"},"canonical":"https:\/\/www.ucly.fr\/en\/theophilyon-tome-17-volume-2\/","og_locale":"en_US","og_type":"article","og_title":"Presentation of the Theophilyon magazine - Tome 17 Volume 2 - UCLy","og_description":"D\u00e9couvrez la pr\u00e9sentation en anglais du second volume du 17\u00e8me tome de Th\u00e9ophilyon, revue des Facult\u00e9s de Th\u00e9ologie et de Philosophie de l'UCLy.","og_url":"https:\/\/www.ucly.fr\/en\/theophilyon-tome-17-volume-2\/","og_site_name":"UCLy","article_modified_time":"2019-11-21T08:32:50+00:00","og_image":[{"width":1920,"height":575,"url":"https:\/\/www.ucly.fr\/wp-content\/uploads\/2019\/11\/header-vue-drone-saint-paul.jpg","type":"image\/jpeg"}],"twitter_card":"summary_large_image","twitter_misc":{"Est. reading time":"4 minutes"},"schema":{"@context":"https:\/\/schema.org","@graph":[{"@type":"WebPage","@id":"https:\/\/www.ucly.fr\/en\/theophilyon-tome-17-volume-2\/","url":"https:\/\/www.ucly.fr\/en\/theophilyon-tome-17-volume-2\/","name":"Presentation of the Theophilyon magazine - Tome 17 Volume 2 - UCLy","isPartOf":{"@id":"https:\/\/www.ucly.fr\/en\/#website"},"primaryImageOfPage":{"@id":"https:\/\/www.ucly.fr\/en\/theophilyon-tome-17-volume-2\/#primaryimage"},"image":{"@id":"https:\/\/www.ucly.fr\/en\/theophilyon-tome-17-volume-2\/#primaryimage"},"thumbnailUrl":"https:\/\/www.ucly.fr\/wp-content\/uploads\/2019\/11\/header-vue-drone-saint-paul.jpg","datePublished":"2013-01-31T15:26:30+00:00","dateModified":"2019-11-21T08:32:50+00:00","description":"D\u00e9couvrez la pr\u00e9sentation en anglais du second volume du 17\u00e8me tome de Th\u00e9ophilyon, revue des Facult\u00e9s de Th\u00e9ologie et de Philosophie de l'UCLy.","breadcrumb":{"@id":"https:\/\/www.ucly.fr\/en\/theophilyon-tome-17-volume-2\/#breadcrumb"},"inLanguage":"en-US","potentialAction":[{"@type":"ReadAction","target":["https:\/\/www.ucly.fr\/en\/theophilyon-tome-17-volume-2\/"]}]},{"@type":"ImageObject","inLanguage":"en-US","@id":"https:\/\/www.ucly.fr\/en\/theophilyon-tome-17-volume-2\/#primaryimage","url":"https:\/\/www.ucly.fr\/wp-content\/uploads\/2019\/11\/header-vue-drone-saint-paul.jpg","contentUrl":"https:\/\/www.ucly.fr\/wp-content\/uploads\/2019\/11\/header-vue-drone-saint-paul.jpg","width":1920,"height":575,"caption":"header-vue-drone-saint-paul"},{"@type":"BreadcrumbList","@id":"https:\/\/www.ucly.fr\/en\/theophilyon-tome-17-volume-2\/#breadcrumb","itemListElement":[{"@type":"ListItem","position":1,"name":"Accueil","item":"https:\/\/www.ucly.fr\/en\/"},{"@type":"ListItem","position":2,"name":"XVII-2 - Au nom de la v\u00e9rit\u00e9 (2012)"}]},{"@type":"WebSite","@id":"https:\/\/www.ucly.fr\/en\/#website","url":"https:\/\/www.ucly.fr\/en\/","name":"UCLy","description":"Un site utilisant WordPress","publisher":{"@id":"https:\/\/www.ucly.fr\/en\/#organization"},"potentialAction":[{"@type":"SearchAction","target":{"@type":"EntryPoint","urlTemplate":"https:\/\/www.ucly.fr\/en\/?s={search_term_string}"},"query-input":{"@type":"PropertyValueSpecification","valueRequired":true,"valueName":"search_term_string"}}],"inLanguage":"en-US"},{"@type":"Organization","@id":"https:\/\/www.ucly.fr\/en\/#organization","name":"UCLy","url":"https:\/\/www.ucly.fr\/en\/","logo":{"@type":"ImageObject","inLanguage":"en-US","@id":"https:\/\/www.ucly.fr\/en\/#\/schema\/logo\/image\/","url":"https:\/\/www.ucly.fr\/wp-content\/uploads\/2025\/06\/logo-150ans-blanc.svg","contentUrl":"https:\/\/www.ucly.fr\/wp-content\/uploads\/2025\/06\/logo-150ans-blanc.svg","caption":"UCLy"},"image":{"@id":"https:\/\/www.ucly.fr\/en\/#\/schema\/logo\/image\/"}}]}},"_links":{"self":[{"href":"https:\/\/www.ucly.fr\/en\/wp-json\/wp\/v2\/pages\/2701","targetHints":{"allow":["GET"]}}],"collection":[{"href":"https:\/\/www.ucly.fr\/en\/wp-json\/wp\/v2\/pages"}],"about":[{"href":"https:\/\/www.ucly.fr\/en\/wp-json\/wp\/v2\/types\/page"}],"author":[{"embeddable":true,"href":"https:\/\/www.ucly.fr\/en\/wp-json\/wp\/v2\/users\/22"}],"replies":[{"embeddable":true,"href":"https:\/\/www.ucly.fr\/en\/wp-json\/wp\/v2\/comments?post=2701"}],"version-history":[{"count":4,"href":"https:\/\/www.ucly.fr\/en\/wp-json\/wp\/v2\/pages\/2701\/revisions"}],"predecessor-version":[{"id":2716,"href":"https:\/\/www.ucly.fr\/en\/wp-json\/wp\/v2\/pages\/2701\/revisions\/2716"}],"wp:featuredmedia":[{"embeddable":true,"href":"https:\/\/www.ucly.fr\/en\/wp-json\/wp\/v2\/media\/4852"}],"wp:attachment":[{"href":"https:\/\/www.ucly.fr\/en\/wp-json\/wp\/v2\/media?parent=2701"}],"curies":[{"name":"wp","href":"https:\/\/api.w.org\/{rel}","templated":true}]}}

XVII-2 - Au nom de la vérité (2012)

<h2 class="wp-block-heading">Summaries</h2><p><strong>Pierre Gibert - Autobiography and truth: a literary illusion? </strong></p><p>Memories, intimate diaries, confessions.... Is not each one of us best fit to truly be able to speak of himself or his own life? And France which  makes of the autobiographic order, in all its forms, the most honoured of all literary orders, even created in Amberieux a genuine conservatory of autobiographical archives. Thus any Frenchman can hand his own production in. However, among the great masterpieces that make up the  literature of a language, the autobiographical order is that which supplies the smallest quantity, in France as elsewhere. Threatened by triteness and insignificance, the boredom it generates most often confirms its literary mediocrity. Notwithstanding that, history and historians savour to the utmost this literature borrowed not as much from the dull authors but rather from the unconscious witnesses that, they sometimes may be. Is not the game lost beforehand? This is unless reasons other than oneself, other literary virtues, somewhere between humour and wrath, demand here an urgency which is ultimately justified. <br><br></p><p><strong>Jean-Pierre Pierron - Bearing witness or the reality of the truth </strong></p><p>In present times, when scientific proof and the strength of what is demonstrable are prevailing, it may be surprising to associate testimony to truth. Still, it is precisely because it lacks proof and that it calls less on knowledge than on confidence that testimony calls upon our attention. What proof brings to truth is born by testimony. It is less in the sphere of knowledge as is proof, than it is in that of acknowledgement. Testimony is a test of truth. In its witness, testimony  brings about a fact so that it testifies in it a truth that goes beyond  its existence. Thus, today's valorisation of testimony - from genocide survivors to evidence from the sick - stands out revealing a mode of truth, declining dogmatism and relativism belonging to our time. Testimony would be the reality of truth in its witness that is the position upheld in this article. In other words, it would be a  privileged but fragile mediation to present truth without being able to demonstrate it. It is a way not to forego the universal that is present in the idea of truth, without for all that, giving in on the historic singularity of existence and situations. <br><br></p><p><strong>François Durand - Bearing witness to the truth </strong></p><p>Understood in its theological meaning, truth is of a relational and factual order. It goes beyond the  adequacy of a language to a targeted reality. It may not be reduced to the form of an external knowledge, easy to systemise in a logical sequence of concepts. Those who seek it must wholly commit themselves in the quest. They reach this purpose by assuming the condition of witnesses. Testimony does not pretend to capture truth, but to be in a place where it durably bears testimony in history, in a place where the unutterable is expressed. It is proffered in a fragile account to which divine reality joins the field of experience and offers itself to be met. In Christian theology, the loved and hoped for raw truth is a living personality, i.e. Jesus Christ. In his book Dogmatic Karl Barth states that Christ is the only true Witness of the Revelation. Indeed Christ is living in his Church and is keeping on talking and acting through his witnesses. Christian testimony is steeped in faith and humility. Borne by the Spirit of truth, it offers to the Word of God the possibility of coming to the world and being received there. His truth into which the witnesses are personally involved is valid in a universal way. <br><br></p><p><strong>Pierre Gire - Testimony and truth. Epistemological perspective  </strong></p><p>Testimony and truth in their rendering refer to different levels of reality and intelligibility. These levels may not be mingled unless their manifestation should be corrupted. The implication of human presence in mediating the affirmation of truth demands a clarification of testimony types that summon the dynamism of human life in a specific way. This results in the fact that the intertwining of testimony and truth appears as a relation which is biased by an infinite complexity. This shows that truth in its demand for expression may not be separated from testimony in its historical contingency. </p>

<!-- This site is optimized with the Yoast SEO plugin v24.1 - https://yoast.com/wordpress/plugins/seo/ -->
<title>Presentation of the Theophilyon magazine - Tome 17 Volume 2 - UCLy</title>
<meta name="description" content="Découvrez la présentation en anglais du second volume du 17ème tome de Théophilyon, revue des Facultés de Théologie et de Philosophie de l&#039;UCLy." />
<meta name="robots" content="index, follow, max-snippet:-1, max-image-preview:large, max-video-preview:-1" />
<link rel="canonical" href="https://www.ucly.fr/en/theophilyon-tome-17-volume-2/" />
<meta property="og:locale" content="en_US" />
<meta property="og:type" content="article" />
<meta property="og:title" content="Presentation of the Theophilyon magazine - Tome 17 Volume 2 - UCLy" />
<meta property="og:description" content="Découvrez la présentation en anglais du second volume du 17ème tome de Théophilyon, revue des Facultés de Théologie et de Philosophie de l&#039;UCLy." />
<meta property="og:url" content="https://www.ucly.fr/en/theophilyon-tome-17-volume-2/" />
<meta property="og:site_name" content="UCLy" />
<meta property="article:modified_time" content="2019-11-21T08:32:50+00:00" />
<meta property="og:image" content="https://www.ucly.fr/wp-content/uploads/2019/11/header-vue-drone-saint-paul.jpg" />
	<meta property="og:image:width" content="1920" />
	<meta property="og:image:height" content="575" />
	<meta property="og:image:type" content="image/jpeg" />
<meta name="twitter:card" content="summary_large_image" />
<meta name="twitter:label1" content="Est. reading time" />
	<meta name="twitter:data1" content="4 minutes" />
<script type="application/ld+json" class="yoast-schema-graph">{"@context":"https://schema.org","@graph":[{"@type":"WebPage","@id":"https://www.ucly.fr/en/theophilyon-tome-17-volume-2/","url":"https://www.ucly.fr/en/theophilyon-tome-17-volume-2/","name":"Presentation of the Theophilyon magazine - Tome 17 Volume 2 - UCLy","isPartOf":{"@id":"https://www.ucly.fr/en/#website"},"primaryImageOfPage":{"@id":"https://www.ucly.fr/en/theophilyon-tome-17-volume-2/#primaryimage"},"image":{"@id":"https://www.ucly.fr/en/theophilyon-tome-17-volume-2/#primaryimage"},"thumbnailUrl":"https://www.ucly.fr/wp-content/uploads/2019/11/header-vue-drone-saint-paul.jpg","datePublished":"2013-01-31T15:26:30+00:00","dateModified":"2019-11-21T08:32:50+00:00","description":"Découvrez la présentation en anglais du second volume du 17ème tome de Théophilyon, revue des Facultés de Théologie et de Philosophie de l'UCLy.","breadcrumb":{"@id":"https://www.ucly.fr/en/theophilyon-tome-17-volume-2/#breadcrumb"},"inLanguage":"en-US","potentialAction":[{"@type":"ReadAction","target":["https://www.ucly.fr/en/theophilyon-tome-17-volume-2/"]}]},{"@type":"ImageObject","inLanguage":"en-US","@id":"https://www.ucly.fr/en/theophilyon-tome-17-volume-2/#primaryimage","url":"https://www.ucly.fr/wp-content/uploads/2019/11/header-vue-drone-saint-paul.jpg","contentUrl":"https://www.ucly.fr/wp-content/uploads/2019/11/header-vue-drone-saint-paul.jpg","width":1920,"height":575,"caption":"header-vue-drone-saint-paul"},{"@type":"BreadcrumbList","@id":"https://www.ucly.fr/en/theophilyon-tome-17-volume-2/#breadcrumb","itemListElement":[{"@type":"ListItem","position":1,"name":"Accueil","item":"https://www.ucly.fr/en/"},{"@type":"ListItem","position":2,"name":"XVII-2 - Au nom de la vérité (2012)"}]},{"@type":"WebSite","@id":"https://www.ucly.fr/en/#website","url":"https://www.ucly.fr/en/","name":"UCLy","description":"Un site utilisant WordPress","publisher":{"@id":"https://www.ucly.fr/en/#organization"},"potentialAction":[{"@type":"SearchAction","target":{"@type":"EntryPoint","urlTemplate":"https://www.ucly.fr/en/?s={search_term_string}"},"query-input":{"@type":"PropertyValueSpecification","valueRequired":true,"valueName":"search_term_string"}}],"inLanguage":"en-US"},{"@type":"Organization","@id":"https://www.ucly.fr/en/#organization","name":"UCLy","url":"https://www.ucly.fr/en/","logo":{"@type":"ImageObject","inLanguage":"en-US","@id":"https://www.ucly.fr/en/#/schema/logo/image/","url":"https://www.ucly.fr/wp-content/uploads/2025/06/logo-150ans-blanc.svg","contentUrl":"https://www.ucly.fr/wp-content/uploads/2025/06/logo-150ans-blanc.svg","caption":"UCLy"},"image":{"@id":"https://www.ucly.fr/en/#/schema/logo/image/"}}]}</script>
<!-- / Yoast SEO plugin. -->

Découvrez la présentation en anglais du second volume du 17ème tome de Théophilyon, revue des Facultés de Théologie et de Philosophie de l'UCLy.
