{"id":2552,"date":"2014-07-09T14:58:45","date_gmt":"2014-07-09T12:58:45","guid":{"rendered":"https:\/\/www.ucly.fr\/?page_id=2552"},"modified":"2019-11-21T09:32:38","modified_gmt":"2019-11-21T08:32:38","slug":"theophilyon-tome-19-volume-1","status":"publish","type":"page","link":"https:\/\/www.ucly.fr\/en\/theophilyon-tome-19-volume-1\/","title":{"rendered":"XIX-1 - Scandaleux Judas (2014)"},"content":{"rendered":"<h2 class=\"wp-block-heading\">Summaries<\/h2><h3 class=\"wp-block-heading\">Philosophie contemporaine et christianisme<\/h3><p><strong>From hell to paradise: Judas in 20th century Francophone literature<\/strong><\/p><p>20th and early 21st century Francophone literature offers a certain number of works (novels and theatre plays in particular) which are centred on the character of Judas Iscariot, the disciple who, according  to the Gospels, handed over Jesus. If the trend of the Christian tradition has always been to blacken this character, the seventeen literary works under scrutiny here attempt, on the contrary, to explain his act, even to vindicate it. There is reason to wonder on the motives and stakes of this inversion of perspective. <br><br><\/p><p><strong>Despair stops Judas<\/strong><\/p><p>Judas withdrew and went to hang himself: this brief statement, in  Matthew's Gospel, puts an end to Judas's life, in a way implying that the weight of guilt was too heavy, preventing him from living. Indeed, despair is a major and potentially final obstacle, in the link to others and to God as it gives the impression that offence is more powerful than mercy. If the gospel reader can meditate on this despair and the hell it builds up for a conscience crushed by guilt, nevertheless he must not neglect the share born by the community in its happening. Judas  is mired in despair as no other human being has accepted to stand by his side, not even to listen to him in his confession. If Saint Thomas has been able to consider despair as a form of error with regard to God's mercifulness, this definition must be made complete by the share of loneliness to which the desperate person has been condemned and which has contributed to the fact that he identifies his life with his fault, which leads him to withdraw from the world of the living.<br><br><\/p><p><strong>Does Judas' gospel rehabilitate the disciple who delivered Jesus? <\/strong><\/p><p>From the debates which have surrounded this recent paper, the article introduces Judas' Gospel. Relying on Ir\u00e9n\u00e9e who very likely only knew the said Gospel indirectly, B. Barc contests the idea that Judas' Gospel  would rehabilitate Judas. Indeed, to understand the hidden meaning of  this text, it is advisable to use the ancient hermeneutic rules. This reading enables one to dismantle the rehabilitation thesis\u00a0 and to show that Judas does not know the divine origin of Jesus; therefore, this  text cannot be construed as the account of Judas' contribution to Jesus' mission. For the author of Judas' Gospel, the advent of Jesus was a failure. <br><br><\/p><p><strong> \u00ab Is it I? \u00bb A narrative view of the character of Judas in Mark, Matthew and Luke-Acts  <\/strong><\/p><p>This paper proposes a logical review  of the character of Judas according to Mark, Matthew and Luke-Acts. Each gospel exposes its own character sketch of Judas through his  participation in the plot and the relations that the account builds up  between him and other characters. Mark's Judas is summarized in one act,  surrendering Jesus. This is counter to the mission entrusted by Jesus  to the Twelve and, at the same time it paradoxically coincides with the  accomplishment of the divine plan. Matthew presents a Judas who, because he takes his reference from the Law rather than from the Lord, cannot take upon himself the responsibility of his crime and therefore cannot  live. In Luke, Judas walks along a path which betrays that expected of a disciple, that is to say forfeit his own possessions for a service taking place in a communal frame. These various portraits of Judas meet the Christological and ecclesiological perspectives which are the  respective characteristics of each of the gospels. The Judas in the  gospels is set up like a mirror turned towards the reader\/listener so  that the latter asks him\/her self: Is it I? <\/p>","protected":false},"excerpt":{"rendered":"<p>SummariesPhilosophie contemporaine et christianismeFrom hell to paradise: Judas in 20th century Francophone literature20th and early 21st century Francophone literature offers a certain number of [&hellip;]<\/p>\n","protected":false},"author":22,"featured_media":4852,"parent":0,"menu_order":49,"comment_status":"closed","ping_status":"closed","template":"","meta":{"_acf_changed":false,"footnotes":""},"class_list":["post-2552","page","type-page","status-publish","has-post-thumbnail","hentry"],"acf":[],"yoast_head":"<!-- This site is optimized with the Yoast SEO plugin v24.1 - https:\/\/yoast.com\/wordpress\/plugins\/seo\/ -->\n<title>Presentation of the Theophilyon magazine - Tome 19 Volume 1 - UCLy<\/title>\n<meta name=\"description\" content=\"D\u00e9couvrez la pr\u00e9sentation du premier volume du 19\u00e8me tome de Th\u00e9ophilyon, revue des Facult\u00e9s de Th\u00e9ologie et de Philosophie de l&#039;UCLy.\" \/>\n<meta name=\"robots\" content=\"index, follow, max-snippet:-1, max-image-preview:large, max-video-preview:-1\" \/>\n<link rel=\"canonical\" href=\"https:\/\/www.ucly.fr\/en\/theophilyon-tome-19-volume-1\/\" \/>\n<meta property=\"og:locale\" content=\"en_US\" \/>\n<meta property=\"og:type\" content=\"article\" \/>\n<meta property=\"og:title\" content=\"Presentation of the Theophilyon magazine - Tome 19 Volume 1 - UCLy\" \/>\n<meta property=\"og:description\" content=\"D\u00e9couvrez la pr\u00e9sentation du premier volume du 19\u00e8me tome de Th\u00e9ophilyon, revue des Facult\u00e9s de Th\u00e9ologie et de Philosophie de l&#039;UCLy.\" \/>\n<meta property=\"og:url\" content=\"https:\/\/www.ucly.fr\/en\/theophilyon-tome-19-volume-1\/\" \/>\n<meta property=\"og:site_name\" content=\"UCLy\" \/>\n<meta property=\"article:modified_time\" content=\"2019-11-21T08:32:38+00:00\" \/>\n<meta property=\"og:image\" content=\"https:\/\/www.ucly.fr\/wp-content\/uploads\/2019\/11\/header-vue-drone-saint-paul.jpg\" \/>\n\t<meta property=\"og:image:width\" content=\"1920\" \/>\n\t<meta property=\"og:image:height\" content=\"575\" \/>\n\t<meta property=\"og:image:type\" content=\"image\/jpeg\" \/>\n<meta name=\"twitter:card\" content=\"summary_large_image\" \/>\n<meta name=\"twitter:label1\" content=\"Est. reading time\" \/>\n\t<meta name=\"twitter:data1\" content=\"3 minutes\" \/>\n<script type=\"application\/ld+json\" class=\"yoast-schema-graph\">{\"@context\":\"https:\/\/schema.org\",\"@graph\":[{\"@type\":\"WebPage\",\"@id\":\"https:\/\/www.ucly.fr\/en\/theophilyon-tome-19-volume-1\/\",\"url\":\"https:\/\/www.ucly.fr\/en\/theophilyon-tome-19-volume-1\/\",\"name\":\"Presentation of the Theophilyon magazine - Tome 19 Volume 1 - UCLy\",\"isPartOf\":{\"@id\":\"https:\/\/www.ucly.fr\/en\/#website\"},\"primaryImageOfPage\":{\"@id\":\"https:\/\/www.ucly.fr\/en\/theophilyon-tome-19-volume-1\/#primaryimage\"},\"image\":{\"@id\":\"https:\/\/www.ucly.fr\/en\/theophilyon-tome-19-volume-1\/#primaryimage\"},\"thumbnailUrl\":\"https:\/\/www.ucly.fr\/wp-content\/uploads\/2019\/11\/header-vue-drone-saint-paul.jpg\",\"datePublished\":\"2014-07-09T12:58:45+00:00\",\"dateModified\":\"2019-11-21T08:32:38+00:00\",\"description\":\"D\u00e9couvrez la pr\u00e9sentation du premier volume du 19\u00e8me tome de Th\u00e9ophilyon, revue des Facult\u00e9s de Th\u00e9ologie et de Philosophie de l'UCLy.\",\"breadcrumb\":{\"@id\":\"https:\/\/www.ucly.fr\/en\/theophilyon-tome-19-volume-1\/#breadcrumb\"},\"inLanguage\":\"en-US\",\"potentialAction\":[{\"@type\":\"ReadAction\",\"target\":[\"https:\/\/www.ucly.fr\/en\/theophilyon-tome-19-volume-1\/\"]}]},{\"@type\":\"ImageObject\",\"inLanguage\":\"en-US\",\"@id\":\"https:\/\/www.ucly.fr\/en\/theophilyon-tome-19-volume-1\/#primaryimage\",\"url\":\"https:\/\/www.ucly.fr\/wp-content\/uploads\/2019\/11\/header-vue-drone-saint-paul.jpg\",\"contentUrl\":\"https:\/\/www.ucly.fr\/wp-content\/uploads\/2019\/11\/header-vue-drone-saint-paul.jpg\",\"width\":1920,\"height\":575,\"caption\":\"header-vue-drone-saint-paul\"},{\"@type\":\"BreadcrumbList\",\"@id\":\"https:\/\/www.ucly.fr\/en\/theophilyon-tome-19-volume-1\/#breadcrumb\",\"itemListElement\":[{\"@type\":\"ListItem\",\"position\":1,\"name\":\"Accueil\",\"item\":\"https:\/\/www.ucly.fr\/en\/\"},{\"@type\":\"ListItem\",\"position\":2,\"name\":\"XIX-1 - Scandaleux Judas (2014)\"}]},{\"@type\":\"WebSite\",\"@id\":\"https:\/\/www.ucly.fr\/en\/#website\",\"url\":\"https:\/\/www.ucly.fr\/en\/\",\"name\":\"UCLy\",\"description\":\"Un site utilisant WordPress\",\"publisher\":{\"@id\":\"https:\/\/www.ucly.fr\/en\/#organization\"},\"potentialAction\":[{\"@type\":\"SearchAction\",\"target\":{\"@type\":\"EntryPoint\",\"urlTemplate\":\"https:\/\/www.ucly.fr\/en\/?s={search_term_string}\"},\"query-input\":{\"@type\":\"PropertyValueSpecification\",\"valueRequired\":true,\"valueName\":\"search_term_string\"}}],\"inLanguage\":\"en-US\"},{\"@type\":\"Organization\",\"@id\":\"https:\/\/www.ucly.fr\/en\/#organization\",\"name\":\"UCLy\",\"url\":\"https:\/\/www.ucly.fr\/en\/\",\"logo\":{\"@type\":\"ImageObject\",\"inLanguage\":\"en-US\",\"@id\":\"https:\/\/www.ucly.fr\/en\/#\/schema\/logo\/image\/\",\"url\":\"https:\/\/www.ucly.fr\/wp-content\/uploads\/2025\/06\/logo-150ans-blanc.svg\",\"contentUrl\":\"https:\/\/www.ucly.fr\/wp-content\/uploads\/2025\/06\/logo-150ans-blanc.svg\",\"caption\":\"UCLy\"},\"image\":{\"@id\":\"https:\/\/www.ucly.fr\/en\/#\/schema\/logo\/image\/\"}}]}<\/script>\n<!-- \/ Yoast SEO plugin. -->","yoast_head_json":{"title":"Presentation of the Theophilyon magazine - Tome 19 Volume 1 - UCLy","description":"D\u00e9couvrez la pr\u00e9sentation du premier volume du 19\u00e8me tome de Th\u00e9ophilyon, revue des Facult\u00e9s de Th\u00e9ologie et de Philosophie de l'UCLy.","robots":{"index":"index","follow":"follow","max-snippet":"max-snippet:-1","max-image-preview":"max-image-preview:large","max-video-preview":"max-video-preview:-1"},"canonical":"https:\/\/www.ucly.fr\/en\/theophilyon-tome-19-volume-1\/","og_locale":"en_US","og_type":"article","og_title":"Presentation of the Theophilyon magazine - Tome 19 Volume 1 - UCLy","og_description":"D\u00e9couvrez la pr\u00e9sentation du premier volume du 19\u00e8me tome de Th\u00e9ophilyon, revue des Facult\u00e9s de Th\u00e9ologie et de Philosophie de l'UCLy.","og_url":"https:\/\/www.ucly.fr\/en\/theophilyon-tome-19-volume-1\/","og_site_name":"UCLy","article_modified_time":"2019-11-21T08:32:38+00:00","og_image":[{"width":1920,"height":575,"url":"https:\/\/www.ucly.fr\/wp-content\/uploads\/2019\/11\/header-vue-drone-saint-paul.jpg","type":"image\/jpeg"}],"twitter_card":"summary_large_image","twitter_misc":{"Est. reading time":"3 minutes"},"schema":{"@context":"https:\/\/schema.org","@graph":[{"@type":"WebPage","@id":"https:\/\/www.ucly.fr\/en\/theophilyon-tome-19-volume-1\/","url":"https:\/\/www.ucly.fr\/en\/theophilyon-tome-19-volume-1\/","name":"Presentation of the Theophilyon magazine - Tome 19 Volume 1 - UCLy","isPartOf":{"@id":"https:\/\/www.ucly.fr\/en\/#website"},"primaryImageOfPage":{"@id":"https:\/\/www.ucly.fr\/en\/theophilyon-tome-19-volume-1\/#primaryimage"},"image":{"@id":"https:\/\/www.ucly.fr\/en\/theophilyon-tome-19-volume-1\/#primaryimage"},"thumbnailUrl":"https:\/\/www.ucly.fr\/wp-content\/uploads\/2019\/11\/header-vue-drone-saint-paul.jpg","datePublished":"2014-07-09T12:58:45+00:00","dateModified":"2019-11-21T08:32:38+00:00","description":"D\u00e9couvrez la pr\u00e9sentation du premier volume du 19\u00e8me tome de Th\u00e9ophilyon, revue des Facult\u00e9s de Th\u00e9ologie et de Philosophie de l'UCLy.","breadcrumb":{"@id":"https:\/\/www.ucly.fr\/en\/theophilyon-tome-19-volume-1\/#breadcrumb"},"inLanguage":"en-US","potentialAction":[{"@type":"ReadAction","target":["https:\/\/www.ucly.fr\/en\/theophilyon-tome-19-volume-1\/"]}]},{"@type":"ImageObject","inLanguage":"en-US","@id":"https:\/\/www.ucly.fr\/en\/theophilyon-tome-19-volume-1\/#primaryimage","url":"https:\/\/www.ucly.fr\/wp-content\/uploads\/2019\/11\/header-vue-drone-saint-paul.jpg","contentUrl":"https:\/\/www.ucly.fr\/wp-content\/uploads\/2019\/11\/header-vue-drone-saint-paul.jpg","width":1920,"height":575,"caption":"header-vue-drone-saint-paul"},{"@type":"BreadcrumbList","@id":"https:\/\/www.ucly.fr\/en\/theophilyon-tome-19-volume-1\/#breadcrumb","itemListElement":[{"@type":"ListItem","position":1,"name":"Accueil","item":"https:\/\/www.ucly.fr\/en\/"},{"@type":"ListItem","position":2,"name":"XIX-1 - Scandaleux Judas (2014)"}]},{"@type":"WebSite","@id":"https:\/\/www.ucly.fr\/en\/#website","url":"https:\/\/www.ucly.fr\/en\/","name":"UCLy","description":"Un site utilisant WordPress","publisher":{"@id":"https:\/\/www.ucly.fr\/en\/#organization"},"potentialAction":[{"@type":"SearchAction","target":{"@type":"EntryPoint","urlTemplate":"https:\/\/www.ucly.fr\/en\/?s={search_term_string}"},"query-input":{"@type":"PropertyValueSpecification","valueRequired":true,"valueName":"search_term_string"}}],"inLanguage":"en-US"},{"@type":"Organization","@id":"https:\/\/www.ucly.fr\/en\/#organization","name":"UCLy","url":"https:\/\/www.ucly.fr\/en\/","logo":{"@type":"ImageObject","inLanguage":"en-US","@id":"https:\/\/www.ucly.fr\/en\/#\/schema\/logo\/image\/","url":"https:\/\/www.ucly.fr\/wp-content\/uploads\/2025\/06\/logo-150ans-blanc.svg","contentUrl":"https:\/\/www.ucly.fr\/wp-content\/uploads\/2025\/06\/logo-150ans-blanc.svg","caption":"UCLy"},"image":{"@id":"https:\/\/www.ucly.fr\/en\/#\/schema\/logo\/image\/"}}]}},"_links":{"self":[{"href":"https:\/\/www.ucly.fr\/en\/wp-json\/wp\/v2\/pages\/2552","targetHints":{"allow":["GET"]}}],"collection":[{"href":"https:\/\/www.ucly.fr\/en\/wp-json\/wp\/v2\/pages"}],"about":[{"href":"https:\/\/www.ucly.fr\/en\/wp-json\/wp\/v2\/types\/page"}],"author":[{"embeddable":true,"href":"https:\/\/www.ucly.fr\/en\/wp-json\/wp\/v2\/users\/22"}],"replies":[{"embeddable":true,"href":"https:\/\/www.ucly.fr\/en\/wp-json\/wp\/v2\/comments?post=2552"}],"version-history":[{"count":2,"href":"https:\/\/www.ucly.fr\/en\/wp-json\/wp\/v2\/pages\/2552\/revisions"}],"predecessor-version":[{"id":2556,"href":"https:\/\/www.ucly.fr\/en\/wp-json\/wp\/v2\/pages\/2552\/revisions\/2556"}],"wp:featuredmedia":[{"embeddable":true,"href":"https:\/\/www.ucly.fr\/en\/wp-json\/wp\/v2\/media\/4852"}],"wp:attachment":[{"href":"https:\/\/www.ucly.fr\/en\/wp-json\/wp\/v2\/media?parent=2552"}],"curies":[{"name":"wp","href":"https:\/\/api.w.org\/{rel}","templated":true}]}}

<h2 class="wp-block-heading">Summaries</h2><h3 class="wp-block-heading">Philosophie contemporaine et christianisme</h3><p><strong>From hell to paradise: Judas in 20th century Francophone literature</strong></p><p>20th and early 21st century Francophone literature offers a certain number of works (novels and theatre plays in particular) which are centred on the character of Judas Iscariot, the disciple who, according  to the Gospels, handed over Jesus. If the trend of the Christian tradition has always been to blacken this character, the seventeen literary works under scrutiny here attempt, on the contrary, to explain his act, even to vindicate it. There is reason to wonder on the motives and stakes of this inversion of perspective. <br><br></p><p><strong>Despair stops Judas</strong></p><p>Judas withdrew and went to hang himself: this brief statement, in  Matthew's Gospel, puts an end to Judas's life, in a way implying that the weight of guilt was too heavy, preventing him from living. Indeed, despair is a major and potentially final obstacle, in the link to others and to God as it gives the impression that offence is more powerful than mercy. If the gospel reader can meditate on this despair and the hell it builds up for a conscience crushed by guilt, nevertheless he must not neglect the share born by the community in its happening. Judas  is mired in despair as no other human being has accepted to stand by his side, not even to listen to him in his confession. If Saint Thomas has been able to consider despair as a form of error with regard to God's mercifulness, this definition must be made complete by the share of loneliness to which the desperate person has been condemned and which has contributed to the fact that he identifies his life with his fault, which leads him to withdraw from the world of the living.<br><br></p><p><strong>Does Judas' gospel rehabilitate the disciple who delivered Jesus? </strong></p><p>From the debates which have surrounded this recent paper, the article introduces Judas' Gospel. Relying on Irénée who very likely only knew the said Gospel indirectly, B. Barc contests the idea that Judas' Gospel  would rehabilitate Judas. Indeed, to understand the hidden meaning of  this text, it is advisable to use the ancient hermeneutic rules. This reading enables one to dismantle the rehabilitation thesis  and to show that Judas does not know the divine origin of Jesus; therefore, this  text cannot be construed as the account of Judas' contribution to Jesus' mission. For the author of Judas' Gospel, the advent of Jesus was a failure. <br><br></p><p><strong> « Is it I? » A narrative view of the character of Judas in Mark, Matthew and Luke-Acts  </strong></p><p>This paper proposes a logical review  of the character of Judas according to Mark, Matthew and Luke-Acts. Each gospel exposes its own character sketch of Judas through his  participation in the plot and the relations that the account builds up  between him and other characters. Mark's Judas is summarized in one act,  surrendering Jesus. This is counter to the mission entrusted by Jesus  to the Twelve and, at the same time it paradoxically coincides with the  accomplishment of the divine plan. Matthew presents a Judas who, because he takes his reference from the Law rather than from the Lord, cannot take upon himself the responsibility of his crime and therefore cannot  live. In Luke, Judas walks along a path which betrays that expected of a disciple, that is to say forfeit his own possessions for a service taking place in a communal frame. These various portraits of Judas meet the Christological and ecclesiological perspectives which are the  respective characteristics of each of the gospels. The Judas in the  gospels is set up like a mirror turned towards the reader/listener so  that the latter asks him/her self: Is it I? </p>

<!-- This site is optimized with the Yoast SEO plugin v24.1 - https://yoast.com/wordpress/plugins/seo/ -->
<title>Presentation of the Theophilyon magazine - Tome 19 Volume 1 - UCLy</title>
<meta name="description" content="Découvrez la présentation du premier volume du 19ème tome de Théophilyon, revue des Facultés de Théologie et de Philosophie de l&#039;UCLy." />
<meta name="robots" content="index, follow, max-snippet:-1, max-image-preview:large, max-video-preview:-1" />
<link rel="canonical" href="https://www.ucly.fr/en/theophilyon-tome-19-volume-1/" />
<meta property="og:locale" content="en_US" />
<meta property="og:type" content="article" />
<meta property="og:title" content="Presentation of the Theophilyon magazine - Tome 19 Volume 1 - UCLy" />
<meta property="og:description" content="Découvrez la présentation du premier volume du 19ème tome de Théophilyon, revue des Facultés de Théologie et de Philosophie de l&#039;UCLy." />
<meta property="og:url" content="https://www.ucly.fr/en/theophilyon-tome-19-volume-1/" />
<meta property="og:site_name" content="UCLy" />
<meta property="article:modified_time" content="2019-11-21T08:32:38+00:00" />
<meta property="og:image" content="https://www.ucly.fr/wp-content/uploads/2019/11/header-vue-drone-saint-paul.jpg" />
	<meta property="og:image:width" content="1920" />
	<meta property="og:image:height" content="575" />
	<meta property="og:image:type" content="image/jpeg" />
<meta name="twitter:card" content="summary_large_image" />
<meta name="twitter:label1" content="Est. reading time" />
	<meta name="twitter:data1" content="3 minutes" />
<script type="application/ld+json" class="yoast-schema-graph">{"@context":"https://schema.org","@graph":[{"@type":"WebPage","@id":"https://www.ucly.fr/en/theophilyon-tome-19-volume-1/","url":"https://www.ucly.fr/en/theophilyon-tome-19-volume-1/","name":"Presentation of the Theophilyon magazine - Tome 19 Volume 1 - UCLy","isPartOf":{"@id":"https://www.ucly.fr/en/#website"},"primaryImageOfPage":{"@id":"https://www.ucly.fr/en/theophilyon-tome-19-volume-1/#primaryimage"},"image":{"@id":"https://www.ucly.fr/en/theophilyon-tome-19-volume-1/#primaryimage"},"thumbnailUrl":"https://www.ucly.fr/wp-content/uploads/2019/11/header-vue-drone-saint-paul.jpg","datePublished":"2014-07-09T12:58:45+00:00","dateModified":"2019-11-21T08:32:38+00:00","description":"Découvrez la présentation du premier volume du 19ème tome de Théophilyon, revue des Facultés de Théologie et de Philosophie de l'UCLy.","breadcrumb":{"@id":"https://www.ucly.fr/en/theophilyon-tome-19-volume-1/#breadcrumb"},"inLanguage":"en-US","potentialAction":[{"@type":"ReadAction","target":["https://www.ucly.fr/en/theophilyon-tome-19-volume-1/"]}]},{"@type":"ImageObject","inLanguage":"en-US","@id":"https://www.ucly.fr/en/theophilyon-tome-19-volume-1/#primaryimage","url":"https://www.ucly.fr/wp-content/uploads/2019/11/header-vue-drone-saint-paul.jpg","contentUrl":"https://www.ucly.fr/wp-content/uploads/2019/11/header-vue-drone-saint-paul.jpg","width":1920,"height":575,"caption":"header-vue-drone-saint-paul"},{"@type":"BreadcrumbList","@id":"https://www.ucly.fr/en/theophilyon-tome-19-volume-1/#breadcrumb","itemListElement":[{"@type":"ListItem","position":1,"name":"Accueil","item":"https://www.ucly.fr/en/"},{"@type":"ListItem","position":2,"name":"XIX-1 - Scandaleux Judas (2014)"}]},{"@type":"WebSite","@id":"https://www.ucly.fr/en/#website","url":"https://www.ucly.fr/en/","name":"UCLy","description":"Un site utilisant WordPress","publisher":{"@id":"https://www.ucly.fr/en/#organization"},"potentialAction":[{"@type":"SearchAction","target":{"@type":"EntryPoint","urlTemplate":"https://www.ucly.fr/en/?s={search_term_string}"},"query-input":{"@type":"PropertyValueSpecification","valueRequired":true,"valueName":"search_term_string"}}],"inLanguage":"en-US"},{"@type":"Organization","@id":"https://www.ucly.fr/en/#organization","name":"UCLy","url":"https://www.ucly.fr/en/","logo":{"@type":"ImageObject","inLanguage":"en-US","@id":"https://www.ucly.fr/en/#/schema/logo/image/","url":"https://www.ucly.fr/wp-content/uploads/2025/06/logo-150ans-blanc.svg","contentUrl":"https://www.ucly.fr/wp-content/uploads/2025/06/logo-150ans-blanc.svg","caption":"UCLy"},"image":{"@id":"https://www.ucly.fr/en/#/schema/logo/image/"}}]}</script>
<!-- / Yoast SEO plugin. -->

Découvrez la présentation du premier volume du 19ème tome de Théophilyon, revue des Facultés de Théologie et de Philosophie de l'UCLy.
