{"id":2301,"date":"2016-02-29T11:18:36","date_gmt":"2016-02-29T10:18:36","guid":{"rendered":"https:\/\/www.ucly.fr\/?page_id=2301"},"modified":"2019-11-21T09:32:51","modified_gmt":"2019-11-21T08:32:51","slug":"theophilyon-tome-20-volume-2","status":"publish","type":"page","link":"https:\/\/www.ucly.fr\/en\/theophilyon-tome-20-volume-2\/","title":{"rendered":"XX-2 - Le corps \u00e0 l'oeuvre (2015)"},"content":{"rendered":"<h2 class=\"wp-block-heading\">Summaries<\/h2><p> <strong>Philippe Abadie - The shape of the crucified with Marc Chagall<\/strong> <\/p><p>At a first look it seems astonishing to meet the omnipresent face of  the Crucified One with a Jewish artist like Marc Chagall. In fact it  would be wrong to see the Christ of the Christians when it concerns the martyr  of the Jewish people in history. Thus the Crucified One becomes a  tragic leitmotiv with Chagall as long as the German third Reich lasts,  from the \u201cwhite crucifixion\u201d contemporary to the dark night of  crystal  to the \u201cLilac Apocalypse\u201d which illustrates the horror of the Nazi extermination camps\u2019. The figure becomes appeased during the ultimate chagallian period, without however losing this tragic aspect which goes along with the destiny of Israel throughout the 20th century. <br><br><\/p><p> <strong>Simone Korff-Sausse - The spiritual body in private hospitals and modern art<\/strong> <\/p><p>In  contemporary and modern art, bodies are subjected to metamorphosis. These mutant bodies are not so far away from sick, damaged, suffering bodies that are to be met in private hospitals of extreme cases. This   kind of dehumanization of the body appears to be a paradoxical and subversive way to hunt for what the human has as an irreducible character and thus to reintroduce the dimension of spirituality. But the mutant body in question is first that of the artist. Thus the interest of the public, galleries, collectors for the very subjective expression  of raw art would correspond to the need for spirituality in a disembodied world without subjectivity. <br><br><\/p><p> <strong>Marc Chauveau - The body in 20th and 21st century art. Markers for a chronology<\/strong> <\/p><p>In the 20th and 21st century when representing bodies, works of art illustrate the time they occurred, albeit not without a critical distance. Maimed bodies of war times, happy bodies of the consumer society, and obliterated bodies of a world in crisis where exclusion increases, vulnerable bodies of an epoch worried about its future. The paper proposes a few marks for this chronology. The Hostages by Jean  Fautrier, a shattering series of martyred bodies. Andy Warhol or Martial Raysse, with whom the body appears as an element which is reproducible in mass and comparable to objects of the consumer society. Jean-Marc  Cerino who calls up a body which is slowly obliterated and thus attempts to put forward the exclusion of human beings who can no longer be seen in our western societies. Ron Mueck, who despite progress, shows up human vulnerability through bodies without artifice. <br><br><\/p><p><strong>Michel Durand - The body and the sacred in present art. When  contemporary artists are leading me to feel the sacred part in the world<\/strong> <\/p><p>In the present world in order for the contemporary man, (in majority outside the Church), to feel invited, the glorious spiritual resuscitated body can only hammer our sensitivity through beams of light directly flashing from Jesus\u2019 heart. In order for the contemporary body to enter into the field of the sacred it must not impose itself dogmatically, but on the contrary it must keep in touch with the humiliations suffered in and through humanity. <\/p>","protected":false},"excerpt":{"rendered":"<p>Summaries Philippe Abadie &#8211; The shape of the crucified with Marc Chagall At a first look it seems astonishing to meet the omnipresent face [&hellip;]<\/p>\n","protected":false},"author":22,"featured_media":4852,"parent":0,"menu_order":59,"comment_status":"closed","ping_status":"closed","template":"","meta":{"_acf_changed":false,"footnotes":""},"class_list":["post-2301","page","type-page","status-publish","has-post-thumbnail","hentry"],"acf":[],"yoast_head":"<!-- This site is optimized with the Yoast SEO plugin v24.1 - https:\/\/yoast.com\/wordpress\/plugins\/seo\/ -->\n<title>Presentation of the Theophilyon magazine - Tome 20 Volume 2 - UCLy<\/title>\n<meta name=\"description\" content=\"D\u00e9couvrez la pr\u00e9sentation du second volume du 20\u00e8me tome de Th\u00e9ophilyon, revue des Facult\u00e9s de Th\u00e9ologie et de Philosophie de l&#039;UCLy.\" \/>\n<meta name=\"robots\" content=\"index, follow, max-snippet:-1, max-image-preview:large, max-video-preview:-1\" \/>\n<link rel=\"canonical\" href=\"https:\/\/www.ucly.fr\/en\/theophilyon-tome-20-volume-2\/\" \/>\n<meta property=\"og:locale\" content=\"en_US\" \/>\n<meta property=\"og:type\" content=\"article\" \/>\n<meta property=\"og:title\" content=\"Presentation of the Theophilyon magazine - Tome 20 Volume 2 - UCLy\" \/>\n<meta property=\"og:description\" content=\"D\u00e9couvrez la pr\u00e9sentation du second volume du 20\u00e8me tome de Th\u00e9ophilyon, revue des Facult\u00e9s de Th\u00e9ologie et de Philosophie de l&#039;UCLy.\" \/>\n<meta property=\"og:url\" content=\"https:\/\/www.ucly.fr\/en\/theophilyon-tome-20-volume-2\/\" \/>\n<meta property=\"og:site_name\" content=\"UCLy\" \/>\n<meta property=\"article:modified_time\" content=\"2019-11-21T08:32:51+00:00\" \/>\n<meta property=\"og:image\" content=\"https:\/\/www.ucly.fr\/wp-content\/uploads\/2019\/11\/header-vue-drone-saint-paul.jpg\" \/>\n\t<meta property=\"og:image:width\" content=\"1920\" \/>\n\t<meta property=\"og:image:height\" content=\"575\" \/>\n\t<meta property=\"og:image:type\" content=\"image\/jpeg\" \/>\n<meta name=\"twitter:card\" content=\"summary_large_image\" \/>\n<meta name=\"twitter:label1\" content=\"Est. reading time\" \/>\n\t<meta name=\"twitter:data1\" content=\"3 minutes\" \/>\n<script type=\"application\/ld+json\" class=\"yoast-schema-graph\">{\"@context\":\"https:\/\/schema.org\",\"@graph\":[{\"@type\":\"WebPage\",\"@id\":\"https:\/\/www.ucly.fr\/en\/theophilyon-tome-20-volume-2\/\",\"url\":\"https:\/\/www.ucly.fr\/en\/theophilyon-tome-20-volume-2\/\",\"name\":\"Presentation of the Theophilyon magazine - Tome 20 Volume 2 - UCLy\",\"isPartOf\":{\"@id\":\"https:\/\/www.ucly.fr\/en\/#website\"},\"primaryImageOfPage\":{\"@id\":\"https:\/\/www.ucly.fr\/en\/theophilyon-tome-20-volume-2\/#primaryimage\"},\"image\":{\"@id\":\"https:\/\/www.ucly.fr\/en\/theophilyon-tome-20-volume-2\/#primaryimage\"},\"thumbnailUrl\":\"https:\/\/www.ucly.fr\/wp-content\/uploads\/2019\/11\/header-vue-drone-saint-paul.jpg\",\"datePublished\":\"2016-02-29T10:18:36+00:00\",\"dateModified\":\"2019-11-21T08:32:51+00:00\",\"description\":\"D\u00e9couvrez la pr\u00e9sentation du second volume du 20\u00e8me tome de Th\u00e9ophilyon, revue des Facult\u00e9s de Th\u00e9ologie et de Philosophie de l'UCLy.\",\"breadcrumb\":{\"@id\":\"https:\/\/www.ucly.fr\/en\/theophilyon-tome-20-volume-2\/#breadcrumb\"},\"inLanguage\":\"en-US\",\"potentialAction\":[{\"@type\":\"ReadAction\",\"target\":[\"https:\/\/www.ucly.fr\/en\/theophilyon-tome-20-volume-2\/\"]}]},{\"@type\":\"ImageObject\",\"inLanguage\":\"en-US\",\"@id\":\"https:\/\/www.ucly.fr\/en\/theophilyon-tome-20-volume-2\/#primaryimage\",\"url\":\"https:\/\/www.ucly.fr\/wp-content\/uploads\/2019\/11\/header-vue-drone-saint-paul.jpg\",\"contentUrl\":\"https:\/\/www.ucly.fr\/wp-content\/uploads\/2019\/11\/header-vue-drone-saint-paul.jpg\",\"width\":1920,\"height\":575,\"caption\":\"header-vue-drone-saint-paul\"},{\"@type\":\"BreadcrumbList\",\"@id\":\"https:\/\/www.ucly.fr\/en\/theophilyon-tome-20-volume-2\/#breadcrumb\",\"itemListElement\":[{\"@type\":\"ListItem\",\"position\":1,\"name\":\"Accueil\",\"item\":\"https:\/\/www.ucly.fr\/en\/\"},{\"@type\":\"ListItem\",\"position\":2,\"name\":\"XX-2 - Le corps \u00e0 l'oeuvre (2015)\"}]},{\"@type\":\"WebSite\",\"@id\":\"https:\/\/www.ucly.fr\/en\/#website\",\"url\":\"https:\/\/www.ucly.fr\/en\/\",\"name\":\"UCLy\",\"description\":\"Un site utilisant WordPress\",\"publisher\":{\"@id\":\"https:\/\/www.ucly.fr\/en\/#organization\"},\"potentialAction\":[{\"@type\":\"SearchAction\",\"target\":{\"@type\":\"EntryPoint\",\"urlTemplate\":\"https:\/\/www.ucly.fr\/en\/?s={search_term_string}\"},\"query-input\":{\"@type\":\"PropertyValueSpecification\",\"valueRequired\":true,\"valueName\":\"search_term_string\"}}],\"inLanguage\":\"en-US\"},{\"@type\":\"Organization\",\"@id\":\"https:\/\/www.ucly.fr\/en\/#organization\",\"name\":\"UCLy\",\"url\":\"https:\/\/www.ucly.fr\/en\/\",\"logo\":{\"@type\":\"ImageObject\",\"inLanguage\":\"en-US\",\"@id\":\"https:\/\/www.ucly.fr\/en\/#\/schema\/logo\/image\/\",\"url\":\"https:\/\/www.ucly.fr\/wp-content\/uploads\/2025\/06\/logo-150ans-blanc.svg\",\"contentUrl\":\"https:\/\/www.ucly.fr\/wp-content\/uploads\/2025\/06\/logo-150ans-blanc.svg\",\"caption\":\"UCLy\"},\"image\":{\"@id\":\"https:\/\/www.ucly.fr\/en\/#\/schema\/logo\/image\/\"}}]}<\/script>\n<!-- \/ Yoast SEO plugin. -->","yoast_head_json":{"title":"Presentation of the Theophilyon magazine - Tome 20 Volume 2 - UCLy","description":"D\u00e9couvrez la pr\u00e9sentation du second volume du 20\u00e8me tome de Th\u00e9ophilyon, revue des Facult\u00e9s de Th\u00e9ologie et de Philosophie de l'UCLy.","robots":{"index":"index","follow":"follow","max-snippet":"max-snippet:-1","max-image-preview":"max-image-preview:large","max-video-preview":"max-video-preview:-1"},"canonical":"https:\/\/www.ucly.fr\/en\/theophilyon-tome-20-volume-2\/","og_locale":"en_US","og_type":"article","og_title":"Presentation of the Theophilyon magazine - Tome 20 Volume 2 - UCLy","og_description":"D\u00e9couvrez la pr\u00e9sentation du second volume du 20\u00e8me tome de Th\u00e9ophilyon, revue des Facult\u00e9s de Th\u00e9ologie et de Philosophie de l'UCLy.","og_url":"https:\/\/www.ucly.fr\/en\/theophilyon-tome-20-volume-2\/","og_site_name":"UCLy","article_modified_time":"2019-11-21T08:32:51+00:00","og_image":[{"width":1920,"height":575,"url":"https:\/\/www.ucly.fr\/wp-content\/uploads\/2019\/11\/header-vue-drone-saint-paul.jpg","type":"image\/jpeg"}],"twitter_card":"summary_large_image","twitter_misc":{"Est. reading time":"3 minutes"},"schema":{"@context":"https:\/\/schema.org","@graph":[{"@type":"WebPage","@id":"https:\/\/www.ucly.fr\/en\/theophilyon-tome-20-volume-2\/","url":"https:\/\/www.ucly.fr\/en\/theophilyon-tome-20-volume-2\/","name":"Presentation of the Theophilyon magazine - Tome 20 Volume 2 - UCLy","isPartOf":{"@id":"https:\/\/www.ucly.fr\/en\/#website"},"primaryImageOfPage":{"@id":"https:\/\/www.ucly.fr\/en\/theophilyon-tome-20-volume-2\/#primaryimage"},"image":{"@id":"https:\/\/www.ucly.fr\/en\/theophilyon-tome-20-volume-2\/#primaryimage"},"thumbnailUrl":"https:\/\/www.ucly.fr\/wp-content\/uploads\/2019\/11\/header-vue-drone-saint-paul.jpg","datePublished":"2016-02-29T10:18:36+00:00","dateModified":"2019-11-21T08:32:51+00:00","description":"D\u00e9couvrez la pr\u00e9sentation du second volume du 20\u00e8me tome de Th\u00e9ophilyon, revue des Facult\u00e9s de Th\u00e9ologie et de Philosophie de l'UCLy.","breadcrumb":{"@id":"https:\/\/www.ucly.fr\/en\/theophilyon-tome-20-volume-2\/#breadcrumb"},"inLanguage":"en-US","potentialAction":[{"@type":"ReadAction","target":["https:\/\/www.ucly.fr\/en\/theophilyon-tome-20-volume-2\/"]}]},{"@type":"ImageObject","inLanguage":"en-US","@id":"https:\/\/www.ucly.fr\/en\/theophilyon-tome-20-volume-2\/#primaryimage","url":"https:\/\/www.ucly.fr\/wp-content\/uploads\/2019\/11\/header-vue-drone-saint-paul.jpg","contentUrl":"https:\/\/www.ucly.fr\/wp-content\/uploads\/2019\/11\/header-vue-drone-saint-paul.jpg","width":1920,"height":575,"caption":"header-vue-drone-saint-paul"},{"@type":"BreadcrumbList","@id":"https:\/\/www.ucly.fr\/en\/theophilyon-tome-20-volume-2\/#breadcrumb","itemListElement":[{"@type":"ListItem","position":1,"name":"Accueil","item":"https:\/\/www.ucly.fr\/en\/"},{"@type":"ListItem","position":2,"name":"XX-2 - Le corps \u00e0 l'oeuvre (2015)"}]},{"@type":"WebSite","@id":"https:\/\/www.ucly.fr\/en\/#website","url":"https:\/\/www.ucly.fr\/en\/","name":"UCLy","description":"Un site utilisant WordPress","publisher":{"@id":"https:\/\/www.ucly.fr\/en\/#organization"},"potentialAction":[{"@type":"SearchAction","target":{"@type":"EntryPoint","urlTemplate":"https:\/\/www.ucly.fr\/en\/?s={search_term_string}"},"query-input":{"@type":"PropertyValueSpecification","valueRequired":true,"valueName":"search_term_string"}}],"inLanguage":"en-US"},{"@type":"Organization","@id":"https:\/\/www.ucly.fr\/en\/#organization","name":"UCLy","url":"https:\/\/www.ucly.fr\/en\/","logo":{"@type":"ImageObject","inLanguage":"en-US","@id":"https:\/\/www.ucly.fr\/en\/#\/schema\/logo\/image\/","url":"https:\/\/www.ucly.fr\/wp-content\/uploads\/2025\/06\/logo-150ans-blanc.svg","contentUrl":"https:\/\/www.ucly.fr\/wp-content\/uploads\/2025\/06\/logo-150ans-blanc.svg","caption":"UCLy"},"image":{"@id":"https:\/\/www.ucly.fr\/en\/#\/schema\/logo\/image\/"}}]}},"_links":{"self":[{"href":"https:\/\/www.ucly.fr\/en\/wp-json\/wp\/v2\/pages\/2301","targetHints":{"allow":["GET"]}}],"collection":[{"href":"https:\/\/www.ucly.fr\/en\/wp-json\/wp\/v2\/pages"}],"about":[{"href":"https:\/\/www.ucly.fr\/en\/wp-json\/wp\/v2\/types\/page"}],"author":[{"embeddable":true,"href":"https:\/\/www.ucly.fr\/en\/wp-json\/wp\/v2\/users\/22"}],"replies":[{"embeddable":true,"href":"https:\/\/www.ucly.fr\/en\/wp-json\/wp\/v2\/comments?post=2301"}],"version-history":[{"count":2,"href":"https:\/\/www.ucly.fr\/en\/wp-json\/wp\/v2\/pages\/2301\/revisions"}],"predecessor-version":[{"id":2325,"href":"https:\/\/www.ucly.fr\/en\/wp-json\/wp\/v2\/pages\/2301\/revisions\/2325"}],"wp:featuredmedia":[{"embeddable":true,"href":"https:\/\/www.ucly.fr\/en\/wp-json\/wp\/v2\/media\/4852"}],"wp:attachment":[{"href":"https:\/\/www.ucly.fr\/en\/wp-json\/wp\/v2\/media?parent=2301"}],"curies":[{"name":"wp","href":"https:\/\/api.w.org\/{rel}","templated":true}]}}

XX-2 - Le corps à l'oeuvre (2015)

<!-- This site is optimized with the Yoast SEO plugin v24.1 - https://yoast.com/wordpress/plugins/seo/ -->
<title>Presentation of the Theophilyon magazine - Tome 20 Volume 2 - UCLy</title>
<meta name="description" content="Découvrez la présentation du second volume du 20ème tome de Théophilyon, revue des Facultés de Théologie et de Philosophie de l&#039;UCLy." />
<meta name="robots" content="index, follow, max-snippet:-1, max-image-preview:large, max-video-preview:-1" />
<link rel="canonical" href="https://www.ucly.fr/en/theophilyon-tome-20-volume-2/" />
<meta property="og:locale" content="en_US" />
<meta property="og:type" content="article" />
<meta property="og:title" content="Presentation of the Theophilyon magazine - Tome 20 Volume 2 - UCLy" />
<meta property="og:description" content="Découvrez la présentation du second volume du 20ème tome de Théophilyon, revue des Facultés de Théologie et de Philosophie de l&#039;UCLy." />
<meta property="og:url" content="https://www.ucly.fr/en/theophilyon-tome-20-volume-2/" />
<meta property="og:site_name" content="UCLy" />
<meta property="article:modified_time" content="2019-11-21T08:32:51+00:00" />
<meta property="og:image" content="https://www.ucly.fr/wp-content/uploads/2019/11/header-vue-drone-saint-paul.jpg" />
	<meta property="og:image:width" content="1920" />
	<meta property="og:image:height" content="575" />
	<meta property="og:image:type" content="image/jpeg" />
<meta name="twitter:card" content="summary_large_image" />
<meta name="twitter:label1" content="Est. reading time" />
	<meta name="twitter:data1" content="3 minutes" />
<script type="application/ld+json" class="yoast-schema-graph">{"@context":"https://schema.org","@graph":[{"@type":"WebPage","@id":"https://www.ucly.fr/en/theophilyon-tome-20-volume-2/","url":"https://www.ucly.fr/en/theophilyon-tome-20-volume-2/","name":"Presentation of the Theophilyon magazine - Tome 20 Volume 2 - UCLy","isPartOf":{"@id":"https://www.ucly.fr/en/#website"},"primaryImageOfPage":{"@id":"https://www.ucly.fr/en/theophilyon-tome-20-volume-2/#primaryimage"},"image":{"@id":"https://www.ucly.fr/en/theophilyon-tome-20-volume-2/#primaryimage"},"thumbnailUrl":"https://www.ucly.fr/wp-content/uploads/2019/11/header-vue-drone-saint-paul.jpg","datePublished":"2016-02-29T10:18:36+00:00","dateModified":"2019-11-21T08:32:51+00:00","description":"Découvrez la présentation du second volume du 20ème tome de Théophilyon, revue des Facultés de Théologie et de Philosophie de l'UCLy.","breadcrumb":{"@id":"https://www.ucly.fr/en/theophilyon-tome-20-volume-2/#breadcrumb"},"inLanguage":"en-US","potentialAction":[{"@type":"ReadAction","target":["https://www.ucly.fr/en/theophilyon-tome-20-volume-2/"]}]},{"@type":"ImageObject","inLanguage":"en-US","@id":"https://www.ucly.fr/en/theophilyon-tome-20-volume-2/#primaryimage","url":"https://www.ucly.fr/wp-content/uploads/2019/11/header-vue-drone-saint-paul.jpg","contentUrl":"https://www.ucly.fr/wp-content/uploads/2019/11/header-vue-drone-saint-paul.jpg","width":1920,"height":575,"caption":"header-vue-drone-saint-paul"},{"@type":"BreadcrumbList","@id":"https://www.ucly.fr/en/theophilyon-tome-20-volume-2/#breadcrumb","itemListElement":[{"@type":"ListItem","position":1,"name":"Accueil","item":"https://www.ucly.fr/en/"},{"@type":"ListItem","position":2,"name":"XX-2 - Le corps à l'oeuvre (2015)"}]},{"@type":"WebSite","@id":"https://www.ucly.fr/en/#website","url":"https://www.ucly.fr/en/","name":"UCLy","description":"Un site utilisant WordPress","publisher":{"@id":"https://www.ucly.fr/en/#organization"},"potentialAction":[{"@type":"SearchAction","target":{"@type":"EntryPoint","urlTemplate":"https://www.ucly.fr/en/?s={search_term_string}"},"query-input":{"@type":"PropertyValueSpecification","valueRequired":true,"valueName":"search_term_string"}}],"inLanguage":"en-US"},{"@type":"Organization","@id":"https://www.ucly.fr/en/#organization","name":"UCLy","url":"https://www.ucly.fr/en/","logo":{"@type":"ImageObject","inLanguage":"en-US","@id":"https://www.ucly.fr/en/#/schema/logo/image/","url":"https://www.ucly.fr/wp-content/uploads/2025/06/logo-150ans-blanc.svg","contentUrl":"https://www.ucly.fr/wp-content/uploads/2025/06/logo-150ans-blanc.svg","caption":"UCLy"},"image":{"@id":"https://www.ucly.fr/en/#/schema/logo/image/"}}]}</script>
<!-- / Yoast SEO plugin. -->

Découvrez la présentation du second volume du 20ème tome de Théophilyon, revue des Facultés de Théologie et de Philosophie de l'UCLy.
