{"id":132046,"date":"2022-03-14T11:47:31","date_gmt":"2022-03-14T10:47:31","guid":{"rendered":"https:\/\/www.ucly.fr\/?page_id=132046"},"modified":"2022-03-14T11:58:13","modified_gmt":"2022-03-14T10:58:13","slug":"ecological-impact-of-digital-technologies","status":"publish","type":"page","link":"https:\/\/www.ucly.fr\/en\/ecological-impact-of-digital-technologies\/","title":{"rendered":"Ecological Impact of Digital Technologies"},"content":{"rendered":"<h2 class=\"wp-block-heading\">Abstract <\/h2><p>Digital technologies are part of the real world and as such, electronic exchanges have an impact on the environment. It is estimated that this sector accounts for 5% of global greenhouse gas emissions. What are the environmental impacts of digital development? What should be done to reduce them?&nbsp;<\/p><h2 class=\"wp-block-heading\">Speaker<\/h2><div class=\"wp-block-text-image\">\n  <div class=\"row align-bottom collapse\">\n    <div class=\"column small-12 medium-6 xlarge-5 xxlarge-expand wp-block-text-image-info js-fade-scroll\">\n      <p class=\"wp-block-text-image-title\">Marc Cl\u00e9ment <\/p>\n      <div class=\"wp-block-text-image-intro\"><p>Since September 2018 Marc Cl\u00e9ment is presiding judge at Administrative Tribunal of Lyon (France). In addition, he is since 2014 member of the French Environmental Authority (<em>Autorit\u00e9 environnementale<\/em>, French national committee providing opinions on the quality of impact assessments in the context of public participation) and from 2015 member of the Deontological Committee of the <em>Institut de Radioprotection et de S\u00fbret\u00e9 Nucl\u00e9aire<\/em> (Nuclear safety). He was appointed Member of the Aarhus Convention Compliance Committee (UNECE) by the Meeting of the Parties of the Convention in September 2017 and is Vice-chair of the Committee since 2021.<\/p>\n<p>He was, from 2012 to 2018, judge at the Administrative Court of Appeal of Lyon and, from 2006 to 2012, lawyer at the Directorate General Environment of the European Commission in charge of infringements. He was from 2004 to 2006, legal adviser of the European Environment Agency (Copenhagen). He was previously judge at the Administrative Court of Lyon and started his career as researcher for private companies (Lyonnaise des Eaux, EDF).<\/p>\n<p>He recently published for Telos <em>&#8220;Jurisprudence 2.0&#8221;<\/em> <em>(<a href=\"https:\/\/www.telos-eu.com\/fr\/societe\/justice-et-police\/jurisprudence-20.html\">https:\/\/www.telos-eu.com\/fr\/societe\/justice-et-police\/jurisprudence-20.html<\/a>)<\/em>, for <em>Recueil Dalloz<\/em> in January 2017 &#8220;<em>Do judges need to fear Artificial Intelligence?\u201d, <\/em>in January 2018<em> \u201cV\u00e9hicule autonome : vers une autonomie du r\u00e9gime de responsabilit\u00e9 applicable ?\u201d, <\/em>for <em>Paris Innovation Review<\/em> in October 2017 <em>\u201cBlockchain, Smart Contracts : what else ?\u201d<\/em> for<em> AJDA <\/em>in December 2017 : <em>&#8220;Algorithms for administrative judges: can we still master them?\u201d <\/em>and to be published in October 2019 <em>\u201cSmart contracts: do judges still have something to judge?\u201d <\/em>Cambridge University Press.<\/p>\n<\/div>\n    <\/div>\n\n    <div class=\"column small-12 medium-6 xlarge-7 xxlarge-shrink wp-block-text-image-picture js-fade-scroll\">\n      <img loading=\"lazy\" decoding=\"async\" width=\"529\" height=\"560\" src=\"https:\/\/www.ucly.fr\/wp-content\/uploads\/2022\/03\/mclement-scaled.jpg\" class=\"attachment-text_image size-text_image\" alt=\"marc cl\u00e9ment picture\" \/>    <\/div>\n  <\/div>\n<\/div>","protected":false},"excerpt":{"rendered":"<p>Abstract Digital technologies are part of the real world and as such, electronic exchanges have an impact on the environment. It is estimated that [&hellip;]<\/p>\n","protected":false},"author":151,"featured_media":132049,"parent":0,"menu_order":0,"comment_status":"closed","ping_status":"closed","template":"","meta":{"_acf_changed":false,"footnotes":""},"class_list":["post-132046","page","type-page","status-publish","has-post-thumbnail","hentry"],"acf":[],"yoast_head":"<!-- This site is optimized with the Yoast SEO plugin v24.1 - https:\/\/yoast.com\/wordpress\/plugins\/seo\/ -->\n<title>Ecological Impact of Digital Technologies - UCLy<\/title>\n<meta name=\"description\" content=\"Discover the lecture Ecological Impact of Digital Technologies during our Summer School in Lyon and Annecy\" \/>\n<meta name=\"robots\" content=\"index, follow, max-snippet:-1, max-image-preview:large, max-video-preview:-1\" \/>\n<link rel=\"canonical\" href=\"https:\/\/www.ucly.fr\/en\/ecological-impact-of-digital-technologies\/\" \/>\n<meta property=\"og:locale\" content=\"en_US\" \/>\n<meta property=\"og:type\" content=\"article\" \/>\n<meta property=\"og:title\" content=\"Ecological Impact of Digital Technologies - UCLy\" \/>\n<meta property=\"og:description\" content=\"Discover the lecture Ecological Impact of Digital Technologies during our Summer School in Lyon and Annecy\" \/>\n<meta property=\"og:url\" content=\"https:\/\/www.ucly.fr\/en\/ecological-impact-of-digital-technologies\/\" \/>\n<meta property=\"og:site_name\" content=\"UCLy\" \/>\n<meta property=\"article:modified_time\" content=\"2022-03-14T10:58:13+00:00\" \/>\n<meta property=\"og:image\" content=\"https:\/\/www.ucly.fr\/wp-content\/uploads\/2022\/03\/rm373batch10-08-1920x576.jpg\" \/>\n\t<meta property=\"og:image:width\" content=\"2560\" \/>\n\t<meta property=\"og:image:height\" content=\"2560\" \/>\n\t<meta property=\"og:image:type\" content=\"image\/jpeg\" \/>\n<meta name=\"twitter:card\" content=\"summary_large_image\" \/>\n<meta name=\"twitter:label1\" content=\"Est. reading time\" \/>\n\t<meta name=\"twitter:data1\" content=\"1 minute\" \/>\n<script type=\"application\/ld+json\" class=\"yoast-schema-graph\">{\"@context\":\"https:\/\/schema.org\",\"@graph\":[{\"@type\":\"WebPage\",\"@id\":\"https:\/\/www.ucly.fr\/en\/ecological-impact-of-digital-technologies\/\",\"url\":\"https:\/\/www.ucly.fr\/en\/ecological-impact-of-digital-technologies\/\",\"name\":\"Ecological Impact of Digital Technologies - UCLy\",\"isPartOf\":{\"@id\":\"https:\/\/www.ucly.fr\/en\/#website\"},\"primaryImageOfPage\":{\"@id\":\"https:\/\/www.ucly.fr\/en\/ecological-impact-of-digital-technologies\/#primaryimage\"},\"image\":{\"@id\":\"https:\/\/www.ucly.fr\/en\/ecological-impact-of-digital-technologies\/#primaryimage\"},\"thumbnailUrl\":\"https:\/\/www.ucly.fr\/wp-content\/uploads\/2022\/03\/rm373batch10-08-1920x576.jpg\",\"datePublished\":\"2022-03-14T10:47:31+00:00\",\"dateModified\":\"2022-03-14T10:58:13+00:00\",\"description\":\"Discover the lecture Ecological Impact of Digital Technologies during our Summer School in Lyon and Annecy\",\"breadcrumb\":{\"@id\":\"https:\/\/www.ucly.fr\/en\/ecological-impact-of-digital-technologies\/#breadcrumb\"},\"inLanguage\":\"en-US\",\"potentialAction\":[{\"@type\":\"ReadAction\",\"target\":[\"https:\/\/www.ucly.fr\/en\/ecological-impact-of-digital-technologies\/\"]}]},{\"@type\":\"ImageObject\",\"inLanguage\":\"en-US\",\"@id\":\"https:\/\/www.ucly.fr\/en\/ecological-impact-of-digital-technologies\/#primaryimage\",\"url\":\"https:\/\/www.ucly.fr\/wp-content\/uploads\/2022\/03\/rm373batch10-08-1920x576.jpg\",\"contentUrl\":\"https:\/\/www.ucly.fr\/wp-content\/uploads\/2022\/03\/rm373batch10-08-1920x576.jpg\",\"width\":2560,\"height\":2560,\"caption\":\"Smart farming icon vector IoT in agriculture symbol\"},{\"@type\":\"BreadcrumbList\",\"@id\":\"https:\/\/www.ucly.fr\/en\/ecological-impact-of-digital-technologies\/#breadcrumb\",\"itemListElement\":[{\"@type\":\"ListItem\",\"position\":1,\"name\":\"Accueil\",\"item\":\"https:\/\/www.ucly.fr\/en\/\"},{\"@type\":\"ListItem\",\"position\":2,\"name\":\"Ecological Impact of Digital Technologies\"}]},{\"@type\":\"WebSite\",\"@id\":\"https:\/\/www.ucly.fr\/en\/#website\",\"url\":\"https:\/\/www.ucly.fr\/en\/\",\"name\":\"UCLy\",\"description\":\"Un site utilisant WordPress\",\"publisher\":{\"@id\":\"https:\/\/www.ucly.fr\/en\/#organization\"},\"potentialAction\":[{\"@type\":\"SearchAction\",\"target\":{\"@type\":\"EntryPoint\",\"urlTemplate\":\"https:\/\/www.ucly.fr\/en\/?s={search_term_string}\"},\"query-input\":{\"@type\":\"PropertyValueSpecification\",\"valueRequired\":true,\"valueName\":\"search_term_string\"}}],\"inLanguage\":\"en-US\"},{\"@type\":\"Organization\",\"@id\":\"https:\/\/www.ucly.fr\/en\/#organization\",\"name\":\"UCLy\",\"url\":\"https:\/\/www.ucly.fr\/en\/\",\"logo\":{\"@type\":\"ImageObject\",\"inLanguage\":\"en-US\",\"@id\":\"https:\/\/www.ucly.fr\/en\/#\/schema\/logo\/image\/\",\"url\":\"https:\/\/www.ucly.fr\/wp-content\/uploads\/2025\/06\/logo-150ans-blanc.svg\",\"contentUrl\":\"https:\/\/www.ucly.fr\/wp-content\/uploads\/2025\/06\/logo-150ans-blanc.svg\",\"caption\":\"UCLy\"},\"image\":{\"@id\":\"https:\/\/www.ucly.fr\/en\/#\/schema\/logo\/image\/\"}}]}<\/script>\n<!-- \/ Yoast SEO plugin. -->","yoast_head_json":{"title":"Ecological Impact of Digital Technologies - UCLy","description":"Discover the lecture Ecological Impact of Digital Technologies during our Summer School in Lyon and Annecy","robots":{"index":"index","follow":"follow","max-snippet":"max-snippet:-1","max-image-preview":"max-image-preview:large","max-video-preview":"max-video-preview:-1"},"canonical":"https:\/\/www.ucly.fr\/en\/ecological-impact-of-digital-technologies\/","og_locale":"en_US","og_type":"article","og_title":"Ecological Impact of Digital Technologies - UCLy","og_description":"Discover the lecture Ecological Impact of Digital Technologies during our Summer School in Lyon and Annecy","og_url":"https:\/\/www.ucly.fr\/en\/ecological-impact-of-digital-technologies\/","og_site_name":"UCLy","article_modified_time":"2022-03-14T10:58:13+00:00","og_image":[{"width":2560,"height":2560,"url":"https:\/\/www.ucly.fr\/wp-content\/uploads\/2022\/03\/rm373batch10-08-1920x576.jpg","type":"image\/jpeg"}],"twitter_card":"summary_large_image","twitter_misc":{"Est. reading time":"1 minute"},"schema":{"@context":"https:\/\/schema.org","@graph":[{"@type":"WebPage","@id":"https:\/\/www.ucly.fr\/en\/ecological-impact-of-digital-technologies\/","url":"https:\/\/www.ucly.fr\/en\/ecological-impact-of-digital-technologies\/","name":"Ecological Impact of Digital Technologies - UCLy","isPartOf":{"@id":"https:\/\/www.ucly.fr\/en\/#website"},"primaryImageOfPage":{"@id":"https:\/\/www.ucly.fr\/en\/ecological-impact-of-digital-technologies\/#primaryimage"},"image":{"@id":"https:\/\/www.ucly.fr\/en\/ecological-impact-of-digital-technologies\/#primaryimage"},"thumbnailUrl":"https:\/\/www.ucly.fr\/wp-content\/uploads\/2022\/03\/rm373batch10-08-1920x576.jpg","datePublished":"2022-03-14T10:47:31+00:00","dateModified":"2022-03-14T10:58:13+00:00","description":"Discover the lecture Ecological Impact of Digital Technologies during our Summer School in Lyon and Annecy","breadcrumb":{"@id":"https:\/\/www.ucly.fr\/en\/ecological-impact-of-digital-technologies\/#breadcrumb"},"inLanguage":"en-US","potentialAction":[{"@type":"ReadAction","target":["https:\/\/www.ucly.fr\/en\/ecological-impact-of-digital-technologies\/"]}]},{"@type":"ImageObject","inLanguage":"en-US","@id":"https:\/\/www.ucly.fr\/en\/ecological-impact-of-digital-technologies\/#primaryimage","url":"https:\/\/www.ucly.fr\/wp-content\/uploads\/2022\/03\/rm373batch10-08-1920x576.jpg","contentUrl":"https:\/\/www.ucly.fr\/wp-content\/uploads\/2022\/03\/rm373batch10-08-1920x576.jpg","width":2560,"height":2560,"caption":"Smart farming icon vector IoT in agriculture symbol"},{"@type":"BreadcrumbList","@id":"https:\/\/www.ucly.fr\/en\/ecological-impact-of-digital-technologies\/#breadcrumb","itemListElement":[{"@type":"ListItem","position":1,"name":"Accueil","item":"https:\/\/www.ucly.fr\/en\/"},{"@type":"ListItem","position":2,"name":"Ecological Impact of Digital Technologies"}]},{"@type":"WebSite","@id":"https:\/\/www.ucly.fr\/en\/#website","url":"https:\/\/www.ucly.fr\/en\/","name":"UCLy","description":"Un site utilisant WordPress","publisher":{"@id":"https:\/\/www.ucly.fr\/en\/#organization"},"potentialAction":[{"@type":"SearchAction","target":{"@type":"EntryPoint","urlTemplate":"https:\/\/www.ucly.fr\/en\/?s={search_term_string}"},"query-input":{"@type":"PropertyValueSpecification","valueRequired":true,"valueName":"search_term_string"}}],"inLanguage":"en-US"},{"@type":"Organization","@id":"https:\/\/www.ucly.fr\/en\/#organization","name":"UCLy","url":"https:\/\/www.ucly.fr\/en\/","logo":{"@type":"ImageObject","inLanguage":"en-US","@id":"https:\/\/www.ucly.fr\/en\/#\/schema\/logo\/image\/","url":"https:\/\/www.ucly.fr\/wp-content\/uploads\/2025\/06\/logo-150ans-blanc.svg","contentUrl":"https:\/\/www.ucly.fr\/wp-content\/uploads\/2025\/06\/logo-150ans-blanc.svg","caption":"UCLy"},"image":{"@id":"https:\/\/www.ucly.fr\/en\/#\/schema\/logo\/image\/"}}]}},"_links":{"self":[{"href":"https:\/\/www.ucly.fr\/en\/wp-json\/wp\/v2\/pages\/132046","targetHints":{"allow":["GET"]}}],"collection":[{"href":"https:\/\/www.ucly.fr\/en\/wp-json\/wp\/v2\/pages"}],"about":[{"href":"https:\/\/www.ucly.fr\/en\/wp-json\/wp\/v2\/types\/page"}],"author":[{"embeddable":true,"href":"https:\/\/www.ucly.fr\/en\/wp-json\/wp\/v2\/users\/151"}],"replies":[{"embeddable":true,"href":"https:\/\/www.ucly.fr\/en\/wp-json\/wp\/v2\/comments?post=132046"}],"version-history":[{"count":5,"href":"https:\/\/www.ucly.fr\/en\/wp-json\/wp\/v2\/pages\/132046\/revisions"}],"predecessor-version":[{"id":132068,"href":"https:\/\/www.ucly.fr\/en\/wp-json\/wp\/v2\/pages\/132046\/revisions\/132068"}],"wp:featuredmedia":[{"embeddable":true,"href":"https:\/\/www.ucly.fr\/en\/wp-json\/wp\/v2\/media\/132049"}],"wp:attachment":[{"href":"https:\/\/www.ucly.fr\/en\/wp-json\/wp\/v2\/media?parent=132046"}],"curies":[{"name":"wp","href":"https:\/\/api.w.org\/{rel}","templated":true}]}}

<h2 class="wp-block-heading">Abstract </h2><p>Digital technologies are part of the real world and as such, electronic exchanges have an impact on the environment. It is estimated that this sector accounts for 5% of global greenhouse gas emissions. What are the environmental impacts of digital development? What should be done to reduce them?&nbsp;</p><h2 class="wp-block-heading">Speaker</h2><div class="wp-block-text-image">
  <div class="row align-bottom collapse">
    <div class="column small-12 medium-6 xlarge-5 xxlarge-expand wp-block-text-image-info js-fade-scroll">
      <p class="wp-block-text-image-title">Marc Clément </p>
      <div class="wp-block-text-image-intro"><p>Since September 2018 Marc Clément is presiding judge at Administrative Tribunal of Lyon (France). In addition, he is since 2014 member of the French Environmental Authority (<em>Autorité environnementale</em>, French national committee providing opinions on the quality of impact assessments in the context of public participation) and from 2015 member of the Deontological Committee of the <em>Institut de Radioprotection et de Sûreté Nucléaire</em> (Nuclear safety). He was appointed Member of the Aarhus Convention Compliance Committee (UNECE) by the Meeting of the Parties of the Convention in September 2017 and is Vice-chair of the Committee since 2021.</p>
<p>He was, from 2012 to 2018, judge at the Administrative Court of Appeal of Lyon and, from 2006 to 2012, lawyer at the Directorate General Environment of the European Commission in charge of infringements. He was from 2004 to 2006, legal adviser of the European Environment Agency (Copenhagen). He was previously judge at the Administrative Court of Lyon and started his career as researcher for private companies (Lyonnaise des Eaux, EDF).</p>
<p>He recently published for Telos <em>&#8220;Jurisprudence 2.0&#8221;</em> <em>(<a href="https://www.telos-eu.com/fr/societe/justice-et-police/jurisprudence-20.html">https://www.telos-eu.com/fr/societe/justice-et-police/jurisprudence-20.html</a>)</em>, for <em>Recueil Dalloz</em> in January 2017 &#8220;<em>Do judges need to fear Artificial Intelligence?”, </em>in January 2018<em> “Véhicule autonome : vers une autonomie du régime de responsabilité applicable ?”, </em>for <em>Paris Innovation Review</em> in October 2017 <em>“Blockchain, Smart Contracts : what else ?”</em> for<em> AJDA </em>in December 2017 : <em>&#8220;Algorithms for administrative judges: can we still master them?” </em>and to be published in October 2019 <em>“Smart contracts: do judges still have something to judge?” </em>Cambridge University Press.</p>
</div>
    </div>

    <div class="column small-12 medium-6 xlarge-7 xxlarge-shrink wp-block-text-image-picture js-fade-scroll">
      <img loading="lazy" decoding="async" width="529" height="560" src="https://www.ucly.fr/wp-content/uploads/2022/03/mclement-scaled.jpg" class="attachment-text_image size-text_image" alt="marc clément picture" />    </div>
  </div>
</div>
